{"id":8180,"date":"2025-08-15T10:26:01","date_gmt":"2025-08-15T13:26:01","guid":{"rendered":"https:\/\/www.nomus.com.br\/erpindustrial\/?page_id=8180"},"modified":"2025-12-15T12:40:07","modified_gmt":"2025-12-15T15:40:07","slug":"api","status":"publish","type":"page","link":"https:\/\/www.nomus.com.br\/erpindustrial\/como-funciona\/api\/","title":{"rendered":"API de integra\u00e7\u00e3o"},"content":{"rendered":"<style>\r\n\r\n.link-como-funciona-api {\r\n    background-color: #f9f1e1;\r\n    color: #b1710d!important;\r\n}\r\n\r\n.icone-api{\r\n  background-color:#0D6530;\r\n}\r\n<\/style>\r\n\r\n\r\n<hr \/>\r\n\r\n<div class=\"row\">\r\n  <div class=\"col-md-2\">\r\n    <div class=\" caixa-diferencial icone-api text-center\"> \r\n      <p style=\"font-size: 70px;color: white;padding: 0px;margin: 15px 0px 0px 0px;\"><i class=\"fa fa-plug\" aria-hidden=\"true\"><\/i><\/p>\r\n    <\/div>\r\n  <\/div>\r\n  <div class=\"col-md-10\">\r\n    <h1 class=\"titulo-sem-imagem\">API de integra\u00e7\u00e3o<\/h1>\r\n    <h2 class=\"h2-descricao-funcionalidade\">Conecte o Nomus ERP Industrial \u00e0s solu\u00e7\u00f5es que fazem a diferen\u00e7a no seu neg\u00f3cio.<\/h2>\r\n  <\/div>\r\n<\/div>\r\n\r\n\r\n<hr class=\"hr-respiro\">\r\n<a href=\"https:\/\/api.nomus.com.br\/\" class=\"btn btn-success\" target=\"_blank\">Clique aqui para acessar a API Nomus<\/a>\r\n<br>\r\n\r\n<hr class=\"hr-respiro\">\r\n<h3>Principais benef\u00edcios em utilizar a API Nomus<\/h3>\r\n<br>\r\n<ul class=\"lista-bf\">\r\n  <li class=\"beneficio-funcionalidade\">Integra\u00e7\u00e3o \u00e1gil com CRMs, e-commerces, sistemas log\u00edsticos e outras solu\u00e7\u00f5es;<\/li>\r\n  <li class=\"beneficio-funcionalidade\">Automa\u00e7\u00e3o de processos, reduzindo tarefas manuais e erros;<\/li>\r\n  <li class=\"beneficio-funcionalidade\">Dados centralizados e atualizados em tempo real;<\/li>\r\n  <li class=\"beneficio-funcionalidade\">Flexibilidade para adaptar o ERP \u00e0s necessidades espec\u00edficas do neg\u00f3cio;<\/li>\r\n  <li class=\"beneficio-funcionalidade\">Expans\u00e3o das integra\u00e7\u00f5es conforme o crescimento da empresa;<\/li>\r\n  <li class=\"beneficio-funcionalidade\">Cria\u00e7\u00e3o de um ecossistema digital integrado, alinhado \u00e0 estrat\u00e9gia Composable ERP.<\/li>\r\n<\/ul>\r\n\r\n<hr class=\"hr-respiro\">\r\n<h3>Principais funcionalidades da API Nomus:<\/h3>\r\n<br>\r\n\r\n<div class=\"row\">\r\n  <div class=\"col-md-6\">\r\n    <p class=\"forte\">Consulte dados no Nomus<\/p>\r\n    <p>Acesse informa\u00e7\u00f5es do ERP, como cadastros, pedidos, ordens de produ\u00e7\u00e3o e relat\u00f3rios, de forma r\u00e1pida e segura.<\/p>\r\n  <\/div>\r\n  <div class=\"col-md-6\">\r\n    <a href=\"https:\/\/www.nomus.com.br\/erpindustrial\/wp-content\/uploads\/2025\/12\/01-consultar-dados-min.png\" rel=\"lightbox[8180]\"><img decoding=\"async\" data-src=\"https:\/\/www.nomus.com.br\/erpindustrial\/wp-content\/uploads\/2025\/12\/01-consultar-dados-min-397x194.png\" alt=\"9-intera\u00e7\u00e3o\" width=\"397\" height=\"194\" class=\"alignnone size-thumbnail wp-image-2520 lazyload\" src=\"data:image\/svg+xml;base64,PHN2ZyB3aWR0aD0iMSIgaGVpZ2h0PSIxIiB4bWxucz0iaHR0cDovL3d3dy53My5vcmcvMjAwMC9zdmciPjwvc3ZnPg==\" style=\"--smush-placeholder-width: 397px; --smush-placeholder-aspect-ratio: 397\/194;\" \/><\/a>\r\n  <\/div>\r\n<\/div>\r\n\r\n\r\n<div class=\"row\">\r\n  <div class=\"col-md-6\">\r\n<a href=\"https:\/\/www.nomus.com.br\/erpindustrial\/wp-content\/uploads\/2025\/12\/02-criar-dados-min.png\" rel=\"lightbox[8180]\"><img decoding=\"async\" data-src=\"https:\/\/www.nomus.com.br\/erpindustrial\/wp-content\/uploads\/2025\/12\/02-criar-dados-min-397x194.png\" alt=\"9-intera\u00e7\u00e3o\" width=\"397\" height=\"194\" class=\"alignnone size-thumbnail wp-image-2520 lazyload\" src=\"data:image\/svg+xml;base64,PHN2ZyB3aWR0aD0iMSIgaGVpZ2h0PSIxIiB4bWxucz0iaHR0cDovL3d3dy53My5vcmcvMjAwMC9zdmciPjwvc3ZnPg==\" style=\"--smush-placeholder-width: 397px; --smush-placeholder-aspect-ratio: 397\/194;\" \/><\/a>\r\n  <\/div>\r\n  <div class=\"col-md-6\">\r\n    <p class=\"forte\">Crie dados no Nomus<\/p>\r\n    <p>Possibilidade de enviar dados para o ERP, como novos cadastros, documentos e movimenta\u00e7\u00f5es, diretamente de outros sistemas.<\/p>\r\n  <\/div>\r\n<\/div>\r\n\r\n\r\n\r\n<hr class=\"hr-respiro\">\r\n\r\n<div class=\"row\">\r\n  <div class=\"col-md-6\">\r\n    <p class=\"forte\">Integra\u00e7\u00e3o bidirecional<\/p>\r\n    <p>Crie uma linha de comunica\u00e7\u00e3o em tempo real, mantendo as informa\u00e7\u00f5es atualizadas no ERP e no sistema parceiro.<\/p>\r\n  <\/div>\r\n  <div class=\"col-md-6\">\r\n   <a href=\"https:\/\/www.nomus.com.br\/erpindustrial\/wp-content\/uploads\/2025\/12\/03-integracao-bidirecional-min.png\" rel=\"lightbox[8180]\"><img decoding=\"async\" data-src=\"https:\/\/www.nomus.com.br\/erpindustrial\/wp-content\/uploads\/2025\/12\/03-integracao-bidirecional-min-397x194.png\" alt=\"9-intera\u00e7\u00e3o\" width=\"397\" height=\"194\" class=\"alignnone size-thumbnail wp-image-2520 lazyload\" src=\"data:image\/svg+xml;base64,PHN2ZyB3aWR0aD0iMSIgaGVpZ2h0PSIxIiB4bWxucz0iaHR0cDovL3d3dy53My5vcmcvMjAwMC9zdmciPjwvc3ZnPg==\" style=\"--smush-placeholder-width: 397px; --smush-placeholder-aspect-ratio: 397\/194;\" \/><\/a>\r\n  <\/div>\r\n<\/div>\r\n\r\n\r\n<hr class=\"hr-respiro\">\r\n\r\n<div class=\"row\">\r\n  <div class=\"col-md-6\">\r\n   <a href=\"https:\/\/www.nomus.com.br\/erpindustrial\/wp-content\/uploads\/2025\/12\/04-sob-demanda-min.png\" rel=\"lightbox[8180]\"><img decoding=\"async\" data-src=\"https:\/\/www.nomus.com.br\/erpindustrial\/wp-content\/uploads\/2025\/12\/04-sob-demanda-min-397x194.png\" alt=\"9-intera\u00e7\u00e3o\" width=\"397\" height=\"194\" class=\"alignnone size-thumbnail wp-image-2520 lazyload\" src=\"data:image\/svg+xml;base64,PHN2ZyB3aWR0aD0iMSIgaGVpZ2h0PSIxIiB4bWxucz0iaHR0cDovL3d3dy53My5vcmcvMjAwMC9zdmciPjwvc3ZnPg==\" style=\"--smush-placeholder-width: 397px; --smush-placeholder-aspect-ratio: 397\/194;\" \/><\/a>\r\n  <\/div>\r\n  <div class=\"col-md-6\">\r\n    <p class=\"forte\">Expans\u00e3o de servi\u00e7os sob demanda<\/p>\r\n    <p>Quando necess\u00e1rio, novos servi\u00e7os podem ser desenvolvidos para atender demandas espec\u00edficas, transformando cada necessidade em uma oportunidade de evolu\u00e7\u00e3o da API.<\/p>\r\n  <\/div>\r\n<\/div>\r\n\r\n\r\n<\/div>\r\n<\/div>\r\n<hr>\r\n<p class=\"text-right\">Pr\u00f3ximo passo: <a href=\"http:\/\/nomus.com.br\/erpindustrial\/como-funciona\/crm\/\">CRM \u00bb<\/a><\/p>\r\n","protected":false},"excerpt":{"rendered":"<p>API de integra\u00e7\u00e3o Conecte o Nomus ERP Industrial \u00e0s solu\u00e7\u00f5es que fazem a diferen\u00e7a no seu neg\u00f3cio. Clique aqui para acessar a API Nomus Principais benef\u00edcios em utilizar a API Nomus Integra\u00e7\u00e3o \u00e1gil com CRMs, e-commerces, sistemas log\u00edsticos e outras solu\u00e7\u00f5es; Automa\u00e7\u00e3o de processos, reduzindo tarefas manuais e erros; Dados centralizados e atualizados em tempo [&hellip;]<\/p>\n","protected":false},"author":1,"featured_media":0,"parent":47,"menu_order":0,"comment_status":"closed","ping_status":"closed","template":"page-comofunciona.php","meta":{"_acf_changed":false,"footnotes":""},"class_list":["post-8180","page","type-page","status-publish","hentry"],"acf":[],"yoast_head":"<!-- This site is optimized with the Yoast SEO plugin v26.5 - https:\/\/yoast.com\/wordpress\/plugins\/seo\/ -->\n<title>API de integra\u00e7\u00e3o - Nomus ERP Industrial<\/title>\n<meta name=\"robots\" content=\"index, follow, max-snippet:-1, max-image-preview:large, max-video-preview:-1\" \/>\n<link rel=\"canonical\" href=\"https:\/\/www.nomus.com.br\/erpindustrial\/como-funciona\/api\/\" \/>\n<meta property=\"og:locale\" content=\"pt_BR\" \/>\n<meta property=\"og:type\" content=\"article\" \/>\n<meta property=\"og:title\" content=\"API de integra\u00e7\u00e3o - Nomus ERP Industrial\" \/>\n<meta property=\"og:description\" content=\"API de integra\u00e7\u00e3o Conecte o Nomus ERP Industrial \u00e0s solu\u00e7\u00f5es que fazem a diferen\u00e7a no seu neg\u00f3cio. Clique aqui para acessar a API Nomus Principais benef\u00edcios em utilizar a API Nomus Integra\u00e7\u00e3o \u00e1gil com CRMs, e-commerces, sistemas log\u00edsticos e outras solu\u00e7\u00f5es; Automa\u00e7\u00e3o de processos, reduzindo tarefas manuais e erros; Dados centralizados e atualizados em tempo [&hellip;]\" \/>\n<meta property=\"og:url\" content=\"https:\/\/www.nomus.com.br\/erpindustrial\/como-funciona\/api\/\" \/>\n<meta property=\"og:site_name\" content=\"Nomus ERP Industrial\" \/>\n<meta property=\"article:modified_time\" content=\"2025-12-15T15:40:07+00:00\" \/>\n<meta property=\"og:image\" content=\"https:\/\/www.nomus.com.br\/erpindustrial\/wp-content\/uploads\/2016\/05\/9-intera\u00e7\u00e3o.jpg\" \/>\n\t<meta property=\"og:image:width\" content=\"1109\" \/>\n\t<meta property=\"og:image:height\" content=\"345\" \/>\n\t<meta property=\"og:image:type\" content=\"image\/jpeg\" \/>\n<meta name=\"twitter:card\" content=\"summary_large_image\" \/>\n<meta name=\"twitter:label1\" content=\"Est. tempo de leitura\" \/>\n\t<meta name=\"twitter:data1\" content=\"1 minuto\" \/>\n<script type=\"application\/ld+json\" class=\"yoast-schema-graph\">{\"@context\":\"https:\/\/schema.org\",\"@graph\":[{\"@type\":\"WebPage\",\"@id\":\"https:\/\/www.nomus.com.br\/erpindustrial\/como-funciona\/api\/\",\"url\":\"https:\/\/www.nomus.com.br\/erpindustrial\/como-funciona\/api\/\",\"name\":\"API de integra\u00e7\u00e3o - Nomus ERP Industrial\",\"isPartOf\":{\"@id\":\"https:\/\/www.nomus.com.br\/erpindustrial\/#website\"},\"primaryImageOfPage\":{\"@id\":\"https:\/\/www.nomus.com.br\/erpindustrial\/como-funciona\/api\/#primaryimage\"},\"image\":{\"@id\":\"https:\/\/www.nomus.com.br\/erpindustrial\/como-funciona\/api\/#primaryimage\"},\"thumbnailUrl\":\"https:\/\/www.nomus.com.br\/erpindustrial\/wp-content\/uploads\/2025\/12\/01-consultar-dados-min-397x194.png\",\"datePublished\":\"2025-08-15T13:26:01+00:00\",\"dateModified\":\"2025-12-15T15:40:07+00:00\",\"breadcrumb\":{\"@id\":\"https:\/\/www.nomus.com.br\/erpindustrial\/como-funciona\/api\/#breadcrumb\"},\"inLanguage\":\"pt-BR\",\"potentialAction\":[{\"@type\":\"ReadAction\",\"target\":[\"https:\/\/www.nomus.com.br\/erpindustrial\/como-funciona\/api\/\"]}]},{\"@type\":\"ImageObject\",\"inLanguage\":\"pt-BR\",\"@id\":\"https:\/\/www.nomus.com.br\/erpindustrial\/como-funciona\/api\/#primaryimage\",\"url\":\"https:\/\/www.nomus.com.br\/erpindustrial\/wp-content\/uploads\/2025\/12\/01-consultar-dados-min.png\",\"contentUrl\":\"https:\/\/www.nomus.com.br\/erpindustrial\/wp-content\/uploads\/2025\/12\/01-consultar-dados-min.png\",\"width\":1890,\"height\":822},{\"@type\":\"BreadcrumbList\",\"@id\":\"https:\/\/www.nomus.com.br\/erpindustrial\/como-funciona\/api\/#breadcrumb\",\"itemListElement\":[{\"@type\":\"ListItem\",\"position\":1,\"name\":\"Nomus ERP Industrial\",\"item\":\"https:\/\/www.nomus.com.br\/erpindustrial\/\"},{\"@type\":\"ListItem\",\"position\":2,\"name\":\"Como funciona o Nomus ERP Industrial\",\"item\":\"https:\/\/www.nomus.com.br\/erpindustrial\/como-funciona\/\"},{\"@type\":\"ListItem\",\"position\":3,\"name\":\"API de integra\u00e7\u00e3o\"}]},{\"@type\":\"WebSite\",\"@id\":\"https:\/\/www.nomus.com.br\/erpindustrial\/#website\",\"url\":\"https:\/\/www.nomus.com.br\/erpindustrial\/\",\"name\":\"Nomus ERP Industrial\",\"description\":\"O melhor sistema de gest\u00e3o ERP para ind\u00fastrias do Brasil\",\"potentialAction\":[{\"@type\":\"SearchAction\",\"target\":{\"@type\":\"EntryPoint\",\"urlTemplate\":\"https:\/\/www.nomus.com.br\/erpindustrial\/?s={search_term_string}\"},\"query-input\":{\"@type\":\"PropertyValueSpecification\",\"valueRequired\":true,\"valueName\":\"search_term_string\"}}],\"inLanguage\":\"pt-BR\"}]}<\/script>\n<!-- \/ Yoast SEO plugin. -->","yoast_head_json":{"title":"API de integra\u00e7\u00e3o - Nomus ERP Industrial","robots":{"index":"index","follow":"follow","max-snippet":"max-snippet:-1","max-image-preview":"max-image-preview:large","max-video-preview":"max-video-preview:-1"},"canonical":"https:\/\/www.nomus.com.br\/erpindustrial\/como-funciona\/api\/","og_locale":"pt_BR","og_type":"article","og_title":"API de integra\u00e7\u00e3o - Nomus ERP Industrial","og_description":"API de integra\u00e7\u00e3o Conecte o Nomus ERP Industrial \u00e0s solu\u00e7\u00f5es que fazem a diferen\u00e7a no seu neg\u00f3cio. Clique aqui para acessar a API Nomus Principais benef\u00edcios em utilizar a API Nomus Integra\u00e7\u00e3o \u00e1gil com CRMs, e-commerces, sistemas log\u00edsticos e outras solu\u00e7\u00f5es; Automa\u00e7\u00e3o de processos, reduzindo tarefas manuais e erros; Dados centralizados e atualizados em tempo [&hellip;]","og_url":"https:\/\/www.nomus.com.br\/erpindustrial\/como-funciona\/api\/","og_site_name":"Nomus ERP Industrial","article_modified_time":"2025-12-15T15:40:07+00:00","og_image":[{"width":1109,"height":345,"url":"https:\/\/www.nomus.com.br\/erpindustrial\/wp-content\/uploads\/2016\/05\/9-intera\u00e7\u00e3o.jpg","type":"image\/jpeg"}],"twitter_card":"summary_large_image","twitter_misc":{"Est. tempo de leitura":"1 minuto"},"schema":{"@context":"https:\/\/schema.org","@graph":[{"@type":"WebPage","@id":"https:\/\/www.nomus.com.br\/erpindustrial\/como-funciona\/api\/","url":"https:\/\/www.nomus.com.br\/erpindustrial\/como-funciona\/api\/","name":"API de integra\u00e7\u00e3o - Nomus ERP Industrial","isPartOf":{"@id":"https:\/\/www.nomus.com.br\/erpindustrial\/#website"},"primaryImageOfPage":{"@id":"https:\/\/www.nomus.com.br\/erpindustrial\/como-funciona\/api\/#primaryimage"},"image":{"@id":"https:\/\/www.nomus.com.br\/erpindustrial\/como-funciona\/api\/#primaryimage"},"thumbnailUrl":"https:\/\/www.nomus.com.br\/erpindustrial\/wp-content\/uploads\/2025\/12\/01-consultar-dados-min-397x194.png","datePublished":"2025-08-15T13:26:01+00:00","dateModified":"2025-12-15T15:40:07+00:00","breadcrumb":{"@id":"https:\/\/www.nomus.com.br\/erpindustrial\/como-funciona\/api\/#breadcrumb"},"inLanguage":"pt-BR","potentialAction":[{"@type":"ReadAction","target":["https:\/\/www.nomus.com.br\/erpindustrial\/como-funciona\/api\/"]}]},{"@type":"ImageObject","inLanguage":"pt-BR","@id":"https:\/\/www.nomus.com.br\/erpindustrial\/como-funciona\/api\/#primaryimage","url":"https:\/\/www.nomus.com.br\/erpindustrial\/wp-content\/uploads\/2025\/12\/01-consultar-dados-min.png","contentUrl":"https:\/\/www.nomus.com.br\/erpindustrial\/wp-content\/uploads\/2025\/12\/01-consultar-dados-min.png","width":1890,"height":822},{"@type":"BreadcrumbList","@id":"https:\/\/www.nomus.com.br\/erpindustrial\/como-funciona\/api\/#breadcrumb","itemListElement":[{"@type":"ListItem","position":1,"name":"Nomus ERP Industrial","item":"https:\/\/www.nomus.com.br\/erpindustrial\/"},{"@type":"ListItem","position":2,"name":"Como funciona o Nomus ERP Industrial","item":"https:\/\/www.nomus.com.br\/erpindustrial\/como-funciona\/"},{"@type":"ListItem","position":3,"name":"API de integra\u00e7\u00e3o"}]},{"@type":"WebSite","@id":"https:\/\/www.nomus.com.br\/erpindustrial\/#website","url":"https:\/\/www.nomus.com.br\/erpindustrial\/","name":"Nomus ERP Industrial","description":"O melhor sistema de gest\u00e3o ERP para ind\u00fastrias do Brasil","potentialAction":[{"@type":"SearchAction","target":{"@type":"EntryPoint","urlTemplate":"https:\/\/www.nomus.com.br\/erpindustrial\/?s={search_term_string}"},"query-input":{"@type":"PropertyValueSpecification","valueRequired":true,"valueName":"search_term_string"}}],"inLanguage":"pt-BR"}]}},"_links":{"self":[{"href":"https:\/\/www.nomus.com.br\/erpindustrial\/wp-json\/wp\/v2\/pages\/8180","targetHints":{"allow":["GET"]}}],"collection":[{"href":"https:\/\/www.nomus.com.br\/erpindustrial\/wp-json\/wp\/v2\/pages"}],"about":[{"href":"https:\/\/www.nomus.com.br\/erpindustrial\/wp-json\/wp\/v2\/types\/page"}],"author":[{"embeddable":true,"href":"https:\/\/www.nomus.com.br\/erpindustrial\/wp-json\/wp\/v2\/users\/1"}],"replies":[{"embeddable":true,"href":"https:\/\/www.nomus.com.br\/erpindustrial\/wp-json\/wp\/v2\/comments?post=8180"}],"version-history":[{"count":6,"href":"https:\/\/www.nomus.com.br\/erpindustrial\/wp-json\/wp\/v2\/pages\/8180\/revisions"}],"predecessor-version":[{"id":8968,"href":"https:\/\/www.nomus.com.br\/erpindustrial\/wp-json\/wp\/v2\/pages\/8180\/revisions\/8968"}],"up":[{"embeddable":true,"href":"https:\/\/www.nomus.com.br\/erpindustrial\/wp-json\/wp\/v2\/pages\/47"}],"wp:attachment":[{"href":"https:\/\/www.nomus.com.br\/erpindustrial\/wp-json\/wp\/v2\/media?parent=8180"}],"curies":[{"name":"wp","href":"https:\/\/api.w.org\/{rel}","templated":true}]}}