{"id":743,"date":"2015-09-24T14:15:14","date_gmt":"2015-09-24T14:15:14","guid":{"rendered":"http:\/\/nomus.com.br\/nomusindustrial\/?page_id=743"},"modified":"2025-11-13T14:59:40","modified_gmt":"2025-11-13T17:59:40","slug":"compras","status":"publish","type":"page","link":"https:\/\/www.nomus.com.br\/erpindustrial\/como-funciona\/compras\/","title":{"rendered":"compras"},"content":{"rendered":"<style>\r\n  \r\n.link-como-funciona-compras{\r\n    background-color: #f9f1e1;\r\n    color: #b1710d!important;\r\n}\r\n\r\n.icone-compras{\r\n  background-color:#c26868;\r\n}\r\n<\/style>\r\n\r\n\r\n<hr \/>\r\n\r\n<div class=\"row\">\r\n  <div class=\"col-md-2\">\r\n    <div class=\" caixa-diferencial icone-compras text-center\"> \r\n            <p style=\"font-size: 70px;color: white;padding: 0px;margin: 15px 0px 0px 0px;\"><span class=\"glyphicon glyphicon glyphicon-shopping-cart\" aria-hidden=\"true\"><\/span><\/p>\r\n          <\/div>\r\n  <\/div>\r\n  <div class=\"col-md-10\">\r\n    <h1 class=\"titulo-sem-imagem\">Compras e recebimentos<\/h1>\r\n    <h2 class=\"h2-descricao-funcionalidade\">Controle total do processo de compras e recebimento integrado com a importa\u00e7\u00e3o do XML das NF-es de compra de seus fornecedores.<\/h2>\r\n  <\/div>\r\n<\/div>\r\n\r\n\r\n<hr class=\"hr-respiro\">\r\n<h3>Principais benef\u00edcios em compras e recebimentos<\/h3>\r\n<br>\r\n<ul class=\"lista-bf\">\r\n  <li class=\"beneficio-funcionalidade\">Organize todo processo de compras aumentando produtividade da sua equipe.<\/li> \r\n  <li class=\"beneficio-funcionalidade\">Fa\u00e7a cota\u00e7\u00f5es de compra com fornecedores e identifique oportunidades de redu\u00e7\u00e3o de custo de materiais.<\/li>  \r\n  <li class=\"beneficio-funcionalidade\">Gere pedidos de compra para fornecedores evitando falhas e atrasos na entrega de mercadorias por seus fornecedores.<\/li> \r\n  <li class=\"beneficio-funcionalidade\">Importe o XML de todas as NF-es de compra emitidas contra sua empresa para automatizar o processo de recebimento e evitar falhas.<\/li> \r\n<\/ul>\r\n\r\n<hr class=\"hr-respiro\">\r\n<h3>Funcionalidades da Compras e recebimentos do Nomus ERP Industrial<\/h3>\r\n<br>\r\n\r\n<div class=\"row\">\r\n  <br>\r\n  <div class=\"col-md-6\">\r\n     <a href=\"https:\/\/www.nomus.com.br\/erpindustrial\/wp-content\/uploads\/2025\/11\/01-solicitacoes-compra-min.png\" rel=\"lightbox[743]\"><img decoding=\"async\" data-src=\"https:\/\/www.nomus.com.br\/erpindustrial\/wp-content\/uploads\/2025\/11\/01-solicitacoes-compra-min-397x194.png\" alt=\"1-Solicita\u00e7\u00f5es-de-compra\" width=\"397\" height=\"194\" class=\"alignnone size-thumbnail wp-image-2094 lazyload\" src=\"data:image\/svg+xml;base64,PHN2ZyB3aWR0aD0iMSIgaGVpZ2h0PSIxIiB4bWxucz0iaHR0cDovL3d3dy53My5vcmcvMjAwMC9zdmciPjwvc3ZnPg==\" style=\"--smush-placeholder-width: 397px; --smush-placeholder-aspect-ratio: 397\/194;\" \/><\/a>\r\n  <\/div>\r\n  <div class=\"col-md-6\">\r\n      <p class=\"forte\"> Solicita\u00e7\u00f5es de compra<\/p>\r\n      <p>\r\n        Gere solicita\u00e7\u00f5es de compra integradas ao plano de produ\u00e7\u00e3o e MRP. Saiba exatamente: o que comprar, quanto comprar e para quando comprar, para manter os n\u00edveis de estoque equilibrados. \r\n      <\/p>\r\n      \r\n  <\/div>\r\n<\/div>\r\n\r\n<hr class=\"hr-respiro\">\r\n\r\n<div class=\"row\">\r\n    <br>\r\n  <div class=\"col-md-6\">\r\n      <p class=\"forte\"> Cota\u00e7\u00f5es de compra <\/p>\r\n      <p>\r\n       Fa\u00e7a cota\u00e7\u00f5es de compra com seus fornecedores para atender solicita\u00e7\u00f5es de compra. \r\n      <\/p>\r\n      \r\n  <\/div>\r\n  <div class=\"col-md-6\">\r\n    <a href=\"https:\/\/www.nomus.com.br\/erpindustrial\/wp-content\/uploads\/2025\/11\/02-cotacoes-compra-min.png\" rel=\"lightbox[743]\"><img decoding=\"async\" data-src=\"https:\/\/www.nomus.com.br\/erpindustrial\/wp-content\/uploads\/2025\/11\/02-cotacoes-compra-min-397x194.png\" alt=\"2-Cota\u00e7\u00f5es-de-compra\" width=\"397\" height=\"194\" class=\"alignnone size-thumbnail wp-image-2095 lazyload\" src=\"data:image\/svg+xml;base64,PHN2ZyB3aWR0aD0iMSIgaGVpZ2h0PSIxIiB4bWxucz0iaHR0cDovL3d3dy53My5vcmcvMjAwMC9zdmciPjwvc3ZnPg==\" style=\"--smush-placeholder-width: 397px; --smush-placeholder-aspect-ratio: 397\/194;\" \/><\/a>\r\n  <\/div>\r\n<\/div>\r\n\r\n<hr class=\"hr-respiro\">\r\n\r\n<div class=\"row\">\r\n  <br>\r\n  <div class=\"col-md-6\">\r\n      <a href=\"https:\/\/www.nomus.com.br\/erpindustrial\/wp-content\/uploads\/2025\/11\/03-pedidos-compra-1-min.png\" rel=\"lightbox[743]\"><img decoding=\"async\" data-src=\"https:\/\/www.nomus.com.br\/erpindustrial\/wp-content\/uploads\/2025\/11\/03-pedidos-compra-1-min-397x194.png\" alt=\"3-Pedidos-de-compra\" width=\"397\" height=\"194\" class=\"alignnone size-thumbnail wp-image-2096 lazyload\" src=\"data:image\/svg+xml;base64,PHN2ZyB3aWR0aD0iMSIgaGVpZ2h0PSIxIiB4bWxucz0iaHR0cDovL3d3dy53My5vcmcvMjAwMC9zdmciPjwvc3ZnPg==\" style=\"--smush-placeholder-width: 397px; --smush-placeholder-aspect-ratio: 397\/194;\" \/><\/a>\r\n  <\/div>\r\n  <div class=\"col-md-6\">\r\n      <p class=\"forte\"> Pedidos de compra<\/p>\r\n      <p>Gere pedidos de compra a partir de solicita\u00e7\u00f5es ou cota\u00e7\u00f5es de compra. Envie pedidos por email para fornecedores com layout personalizado. Acompanhe o cumprimento de prazo de entrega de fornecedores. <\/p>\r\n  <\/div>\r\n<\/div>\r\n\r\n<hr class=\"hr-respiro\">\r\n\r\n<div class=\"row\">\r\n    <br>\r\n  <div class=\"col-md-6\">\r\n      <p class=\"forte\"> Recebimento<\/p>\r\n      <p>\r\n       Gere documentos de entrada a partir de pedidos de compra integrado ao controle de estoque e financeiro. \r\n      <\/p>      \r\n  <\/div>\r\n  <div class=\"col-md-6\">\r\n    <a href=\"https:\/\/www.nomus.com.br\/erpindustrial\/wp-content\/uploads\/2025\/11\/04-recebimentos-min.png\" rel=\"lightbox[743]\"><img decoding=\"async\" data-src=\"https:\/\/www.nomus.com.br\/erpindustrial\/wp-content\/uploads\/2025\/11\/04-recebimentos-min-397x194.png\" alt=\"4-doc-de-entrada\" width=\"397\" height=\"194\" class=\"alignnone size-thumbnail wp-image-2097 lazyload\" src=\"data:image\/svg+xml;base64,PHN2ZyB3aWR0aD0iMSIgaGVpZ2h0PSIxIiB4bWxucz0iaHR0cDovL3d3dy53My5vcmcvMjAwMC9zdmciPjwvc3ZnPg==\" style=\"--smush-placeholder-width: 397px; --smush-placeholder-aspect-ratio: 397\/194;\" \/><\/a>\r\n  <\/div>\r\n<\/div>\r\n\r\n<hr class=\"hr-respiro\">\r\n\r\n<div class=\"row\">\r\n  <br>\r\n  <div class=\"col-md-6\">\r\n      <a href=\"https:\/\/www.nomus.com.br\/erpindustrial\/wp-content\/uploads\/2025\/11\/05-importar-nfe-min.png\" rel=\"lightbox[743]\"><img decoding=\"async\" data-src=\"https:\/\/www.nomus.com.br\/erpindustrial\/wp-content\/uploads\/2025\/11\/05-importar-nfe-min-397x194.png\" alt=\"5-Importa\u00e7\u00e3o-de-XML-de-NF-e-de-compra\" width=\"397\" height=\"194\" class=\"alignnone size-thumbnail wp-image-2443 lazyload\" src=\"data:image\/svg+xml;base64,PHN2ZyB3aWR0aD0iMSIgaGVpZ2h0PSIxIiB4bWxucz0iaHR0cDovL3d3dy53My5vcmcvMjAwMC9zdmciPjwvc3ZnPg==\" style=\"--smush-placeholder-width: 397px; --smush-placeholder-aspect-ratio: 397\/194;\" \/><\/a>\r\n  <\/div>\r\n  <div class=\"col-md-6\">\r\n      <p class=\"forte\"> Importa\u00e7\u00e3o de XML de NF-e de compra<\/p>\r\n      <p>Importe o XML da NF-e de compra de seus fornecedores para gerar o documento de entrada com precis\u00e3o e agilidade. <\/p>\r\n  <\/div>\r\n<\/div>\r\n\r\n<hr class=\"hr-respiro\">\r\n\r\n<div class=\"row\">\r\n    <br>\r\n  <div class=\"col-md-6\">\r\n      <p class=\"forte\"> NF-e de devolu\u00e7\u00e3o de compra<\/p>\r\n      <p>\r\n       Gere NF-es de devolu\u00e7\u00e3o de compra integrado ao processo de compras e recebimento. \r\n      <\/p>      \r\n  <\/div>\r\n  <div class=\"col-md-6\">\r\n    <a href=\"https:\/\/www.nomus.com.br\/erpindustrial\/wp-content\/uploads\/2025\/11\/06-devolucao-min.png\" rel=\"lightbox[743]\"><img decoding=\"async\" data-src=\"https:\/\/www.nomus.com.br\/erpindustrial\/wp-content\/uploads\/2025\/11\/06-devolucao-min-397x194.png\" alt=\"6-doc-de-devolucao\" width=\"397\" height=\"194\" class=\"alignnone size-thumbnail wp-image-2099 lazyload\" src=\"data:image\/svg+xml;base64,PHN2ZyB3aWR0aD0iMSIgaGVpZ2h0PSIxIiB4bWxucz0iaHR0cDovL3d3dy53My5vcmcvMjAwMC9zdmciPjwvc3ZnPg==\" style=\"--smush-placeholder-width: 397px; --smush-placeholder-aspect-ratio: 397\/194;\" \/><\/a>\r\n  <\/div>\r\n<\/div>\r\n\r\n\r\n\r\n<hr class=\"hr-respiro\">\r\n\r\n<div class=\"row\">\r\n    <br>\r\n  <div class=\"col-md-6\">\r\n  <a href=\"https:\/\/www.nomus.com.br\/erpindustrial\/wp-content\/uploads\/2025\/11\/07-tributacao-min.png\" rel=\"lightbox[743]\"><img decoding=\"async\" data-src=\"https:\/\/www.nomus.com.br\/erpindustrial\/wp-content\/uploads\/2025\/11\/07-tributacao-min.png\" alt=\"7-Regras-de-tributa\u00e7\u00e3o\" width=\"397\" height=\"194\" class=\"alignnone size-thumbnail wp-image-2100 lazyload\" src=\"data:image\/svg+xml;base64,PHN2ZyB3aWR0aD0iMSIgaGVpZ2h0PSIxIiB4bWxucz0iaHR0cDovL3d3dy53My5vcmcvMjAwMC9zdmciPjwvc3ZnPg==\" style=\"--smush-placeholder-width: 397px; --smush-placeholder-aspect-ratio: 397\/194;\" \/><\/a>\r\n  \r\n  <\/div>\r\n  <div class=\"col-md-6\">\r\n          <p class=\"forte\"> Regras de tributa\u00e7\u00e3o<\/p>\r\n      <p>\r\n       Defina todas as regras para tributa\u00e7\u00e3o de ICMS, IPI, PIS e COFINS, de acordo com CFOP, para agilizar e evitar erros na escritura\u00e7\u00e3o do documento de entrada.\r\n      <\/p>    \r\n  <\/div>\r\n<\/div>\r\n\r\n\r\n<hr class=\"hr-respiro\">\r\n\r\n<div class=\"row\">\r\n  <br>\r\n  <div class=\"col-md-6\">\r\n        <p class=\"forte\"> Manifesta\u00e7\u00e3o de NF-e de compra<\/p>\r\n      <p>Importa\u00e7\u00e3o autom\u00e1tica de todas as NF-e emitidas por terceiros contra a sua empresa. Manifesta\u00e7\u00e3o dessas NF-e e gera\u00e7\u00e3o do documento de entrada. <\/p>\r\n\r\n  <\/div>\r\n  <div class=\"col-md-6\">\r\n      <a href=\"https:\/\/www.nomus.com.br\/erpindustrial\/wp-content\/uploads\/2025\/11\/08-manifestacao-min.png\" rel=\"lightbox[743]\"><img decoding=\"async\" data-src=\"https:\/\/www.nomus.com.br\/erpindustrial\/wp-content\/uploads\/2025\/11\/08-manifestacao-min-397x194.png\" alt=\"8-notas-destinadas\" width=\"397\" height=\"194\" class=\"alignnone size-thumbnail wp-image-2444 lazyload\" src=\"data:image\/svg+xml;base64,PHN2ZyB3aWR0aD0iMSIgaGVpZ2h0PSIxIiB4bWxucz0iaHR0cDovL3d3dy53My5vcmcvMjAwMC9zdmciPjwvc3ZnPg==\" style=\"--smush-placeholder-width: 397px; --smush-placeholder-aspect-ratio: 397\/194;\" \/><\/a>\r\n  <\/div>\r\n<\/div>\r\n\r\n\r\n\r\n<hr class=\"hr-respiro\">\r\n\r\n<div class=\"row\">\r\n    <br>\r\n  <div class=\"col-md-6\">\r\n      <a href=\"https:\/\/www.nomus.com.br\/erpindustrial\/wp-content\/uploads\/2025\/11\/09-portal-cotacoes-min.png\" rel=\"lightbox[743]\"><img decoding=\"async\" data-src=\"https:\/\/www.nomus.com.br\/erpindustrial\/wp-content\/uploads\/2025\/11\/09-portal-cotacoes-min-397x194.png\" alt=\"8-notas-destinadas\" width=\"397\" height=\"194\" class=\"alignnone size-thumbnail wp-image-2444 lazyload\" src=\"data:image\/svg+xml;base64,PHN2ZyB3aWR0aD0iMSIgaGVpZ2h0PSIxIiB4bWxucz0iaHR0cDovL3d3dy53My5vcmcvMjAwMC9zdmciPjwvc3ZnPg==\" style=\"--smush-placeholder-width: 397px; --smush-placeholder-aspect-ratio: 397\/194;\" \/><\/a>\r\n  <\/div>\r\n\r\n  <div class=\"col-md-6\">\r\n          <p class=\"forte\">Portal de cota\u00e7\u00f5es online <\/p>\r\n      <p>\r\n       Portal de cota\u00e7\u00f5es online para que a sua ind\u00fastria possa convidar os fornecedores a participarem das cota\u00e7\u00f5es de compra fazendo login do sistema e informando seus pre\u00e7os e condi\u00e7\u00f5es de pagamento.\r\n      <\/p>    \r\n  \r\n  <\/div>\r\n  <\/div>\r\n\r\n\r\n<hr class=\"hr-respiro\">\r\n\r\n  <div class=\"row\">\r\n    <br>\r\n  <div class=\"col-md-6\">\r\n          <p class=\"forte\">Confer\u00eancia de pedidos de compra <\/p>\r\n      <p>\r\n       Confer\u00eancia de pedidos de compra, com o registro da quantidade conferida em cada item do pedido de compra, antes da cria\u00e7\u00e3o do documento de entrada. Dessa forma s\u00f3 \u00e9 poss\u00edvel criar documentos de entrada para pedidos de compra que tiveram a confer\u00eancia aprovada.\r\n      <\/p>    \r\n  <\/div>\r\n  <div class=\"col-md-6\">\r\n      <a href=\"https:\/\/www.nomus.com.br\/erpindustrial\/wp-content\/uploads\/2025\/11\/10-conferencia-min.png\" rel=\"lightbox[743]\"><img decoding=\"async\" data-src=\"https:\/\/www.nomus.com.br\/erpindustrial\/wp-content\/uploads\/2025\/11\/10-conferencia-min-397x194.png\" alt=\"8-notas-destinadas\" width=\"397\" height=\"194\" class=\"alignnone size-thumbnail wp-image-2444 lazyload\" src=\"data:image\/svg+xml;base64,PHN2ZyB3aWR0aD0iMSIgaGVpZ2h0PSIxIiB4bWxucz0iaHR0cDovL3d3dy53My5vcmcvMjAwMC9zdmciPjwvc3ZnPg==\" style=\"--smush-placeholder-width: 397px; --smush-placeholder-aspect-ratio: 397\/194;\" \/><\/a>\r\n  <\/div>\r\n<\/div>\r\n\r\n\r\n<hr class=\"hr-respiro\">\r\n\r\n<div class=\"row\">\r\n  <br>\r\n  <div class=\"col-md-6\">\r\n      <a href=\"https:\/\/www.nomus.com.br\/erpindustrial\/wp-content\/uploads\/2025\/11\/11-importacao-nf-min.png\" rel=\"lightbox[743]\"><img decoding=\"async\" data-src=\"https:\/\/www.nomus.com.br\/erpindustrial\/wp-content\/uploads\/2025\/11\/11-importacao-nf-min-397x194.png\" alt=\"8-notas-destinadas\" width=\"397\" height=\"194\" class=\"alignnone size-thumbnail wp-image-2444 lazyload\" src=\"data:image\/svg+xml;base64,PHN2ZyB3aWR0aD0iMSIgaGVpZ2h0PSIxIiB4bWxucz0iaHR0cDovL3d3dy53My5vcmcvMjAwMC9zdmciPjwvc3ZnPg==\" style=\"--smush-placeholder-width: 397px; --smush-placeholder-aspect-ratio: 397\/194;\" \/><\/a>\r\n  <\/div>\r\n  <div class=\"col-md-6\">\r\n        <p class=\"forte\">Importa\u00e7\u00e3o de NFS-e tomadas para o sistema <\/p>\r\n      <p>Importa\u00e7\u00e3o autom\u00e1tica de NFS-es emitidas contra sua empresa facilitando o registro de documentos de compra de servi\u00e7o. <\/p>\r\n\r\n  <\/div>\r\n  <\/div>\r\n\r\n<hr class=\"hr-respiro\">\r\n\r\n  <div class=\"row\">\r\n    <br>\r\n  <div class=\"col-md-6\">\r\n           <p class=\"forte\">Gest\u00e3o de anexos <\/p>\r\n      <p>\r\n       Nas cota\u00e7\u00f5es de compra e pedidos de compra \u00e9 poss\u00edvel incluir anexos como documentos PDFs e enviar esses arquivos para os fornecedores para otimizar o processo de compras.\r\n\r\n      <\/p>    \r\n  <\/div>\r\n  <div class=\"col-md-6\">\r\n      <a href=\"https:\/\/www.nomus.com.br\/erpindustrial\/wp-content\/uploads\/2025\/11\/12-anexos-min.png\" rel=\"lightbox[743]\"><img decoding=\"async\" data-src=\"https:\/\/www.nomus.com.br\/erpindustrial\/wp-content\/uploads\/2025\/11\/12-anexos-min.png\" alt=\"8-notas-destinadas\" width=\"397\" height=\"194\" class=\"alignnone size-thumbnail wp-image-2444 lazyload\" src=\"data:image\/svg+xml;base64,PHN2ZyB3aWR0aD0iMSIgaGVpZ2h0PSIxIiB4bWxucz0iaHR0cDovL3d3dy53My5vcmcvMjAwMC9zdmciPjwvc3ZnPg==\" style=\"--smush-placeholder-width: 397px; --smush-placeholder-aspect-ratio: 397\/194;\" \/><\/a>\r\n  <\/div>\r\n<\/div>\r\n\r\n\r\n\r\n<\/div>\r\n<\/div>\r\n<hr>\r\n<p class=\"text-right\">Pr\u00f3ximo passo: <a href=\"http:\/\/nomus.com.br\/erpindustrial\/como-funciona\/importacao\/\">Conhe\u00e7a o m\u00f3dulo de Importa\u00e7\u00e3o de produtos \u00bb<\/a><\/p>\r\n","protected":false},"excerpt":{"rendered":"<p>Compras e recebimentos Controle total do processo de compras e recebimento integrado com a importa\u00e7\u00e3o do XML das NF-es de compra de seus fornecedores. Principais benef\u00edcios em compras e recebimentos Organize todo processo de compras aumentando produtividade da sua equipe. Fa\u00e7a cota\u00e7\u00f5es de compra com fornecedores e identifique oportunidades de redu\u00e7\u00e3o de custo de materiais. [&hellip;]<\/p>\n","protected":false},"author":1,"featured_media":0,"parent":47,"menu_order":6,"comment_status":"open","ping_status":"open","template":"page-comofunciona.php","meta":{"_acf_changed":false,"footnotes":""},"class_list":["post-743","page","type-page","status-publish","hentry"],"acf":[],"yoast_head":"<!-- This site is optimized with the Yoast SEO plugin v26.5 - https:\/\/yoast.com\/wordpress\/plugins\/seo\/ -->\n<title>Como funciona a gest\u00e3o de compras e recebimentos no ERP Industrial<\/title>\n<meta name=\"description\" content=\"Veja como funciona a gest\u00e3o de compras e recebimentos no ERP Industrial e saiba quais s\u00e3o as funcionalidades dispon\u00edveis e os benef\u00edcios para sua empresa.\" \/>\n<meta name=\"robots\" content=\"index, follow, max-snippet:-1, max-image-preview:large, max-video-preview:-1\" \/>\n<link rel=\"canonical\" href=\"https:\/\/www.nomus.com.br\/erpindustrial\/como-funciona\/compras\/\" \/>\n<meta property=\"og:locale\" content=\"pt_BR\" \/>\n<meta property=\"og:type\" content=\"article\" \/>\n<meta property=\"og:title\" content=\"Como funciona a gest\u00e3o de compras e recebimentos no ERP Industrial\" \/>\n<meta property=\"og:description\" content=\"Veja como funciona a gest\u00e3o de compras e recebimentos no ERP Industrial e saiba quais s\u00e3o as funcionalidades dispon\u00edveis e os benef\u00edcios para sua empresa.\" \/>\n<meta property=\"og:url\" content=\"https:\/\/www.nomus.com.br\/erpindustrial\/como-funciona\/compras\/\" \/>\n<meta property=\"og:site_name\" content=\"Nomus ERP Industrial\" \/>\n<meta property=\"article:modified_time\" content=\"2025-11-13T17:59:40+00:00\" \/>\n<meta property=\"og:image\" content=\"https:\/\/www.nomus.com.br\/erpindustrial\/wp-content\/uploads\/2025\/10\/og-como-funciona.jpg\" \/>\n\t<meta property=\"og:image:width\" content=\"620\" \/>\n\t<meta property=\"og:image:height\" content=\"405\" \/>\n\t<meta property=\"og:image:type\" content=\"image\/jpeg\" \/>\n<meta name=\"twitter:card\" content=\"summary_large_image\" \/>\n<meta name=\"twitter:title\" content=\"Como funciona a gest\u00e3o de compras e recebimentos no ERP Industrial\" \/>\n<meta name=\"twitter:description\" content=\"Veja como funciona a gest\u00e3o de compras e recebimentos no ERP Industrial e saiba quais s\u00e3o as funcionalidades dispon\u00edveis e os benef\u00edcios para sua empresa.\" \/>\n<meta name=\"twitter:image\" content=\"https:\/\/www.nomus.com.br\/erpindustrial\/wp-content\/uploads\/2019\/08\/como-funciona.jpg\" \/>\n<meta name=\"twitter:label1\" content=\"Est. tempo de leitura\" \/>\n\t<meta name=\"twitter:data1\" content=\"5 minutos\" \/>\n<script type=\"application\/ld+json\" class=\"yoast-schema-graph\">{\"@context\":\"https:\/\/schema.org\",\"@graph\":[{\"@type\":\"WebPage\",\"@id\":\"https:\/\/www.nomus.com.br\/erpindustrial\/como-funciona\/compras\/\",\"url\":\"https:\/\/www.nomus.com.br\/erpindustrial\/como-funciona\/compras\/\",\"name\":\"Como funciona a gest\u00e3o de compras e recebimentos no ERP Industrial\",\"isPartOf\":{\"@id\":\"https:\/\/www.nomus.com.br\/erpindustrial\/#website\"},\"primaryImageOfPage\":{\"@id\":\"https:\/\/www.nomus.com.br\/erpindustrial\/como-funciona\/compras\/#primaryimage\"},\"image\":{\"@id\":\"https:\/\/www.nomus.com.br\/erpindustrial\/como-funciona\/compras\/#primaryimage\"},\"thumbnailUrl\":\"https:\/\/www.nomus.com.br\/erpindustrial\/wp-content\/uploads\/2025\/11\/01-solicitacoes-compra-min-397x194.png\",\"datePublished\":\"2015-09-24T14:15:14+00:00\",\"dateModified\":\"2025-11-13T17:59:40+00:00\",\"description\":\"Veja como funciona a gest\u00e3o de compras e recebimentos no ERP Industrial e saiba quais s\u00e3o as funcionalidades dispon\u00edveis e os benef\u00edcios para sua empresa.\",\"breadcrumb\":{\"@id\":\"https:\/\/www.nomus.com.br\/erpindustrial\/como-funciona\/compras\/#breadcrumb\"},\"inLanguage\":\"pt-BR\",\"potentialAction\":[{\"@type\":\"ReadAction\",\"target\":[\"https:\/\/www.nomus.com.br\/erpindustrial\/como-funciona\/compras\/\"]}]},{\"@type\":\"ImageObject\",\"inLanguage\":\"pt-BR\",\"@id\":\"https:\/\/www.nomus.com.br\/erpindustrial\/como-funciona\/compras\/#primaryimage\",\"url\":\"https:\/\/www.nomus.com.br\/erpindustrial\/wp-content\/uploads\/2025\/11\/01-solicitacoes-compra-min.png\",\"contentUrl\":\"https:\/\/www.nomus.com.br\/erpindustrial\/wp-content\/uploads\/2025\/11\/01-solicitacoes-compra-min.png\",\"width\":1825,\"height\":843},{\"@type\":\"BreadcrumbList\",\"@id\":\"https:\/\/www.nomus.com.br\/erpindustrial\/como-funciona\/compras\/#breadcrumb\",\"itemListElement\":[{\"@type\":\"ListItem\",\"position\":1,\"name\":\"Nomus ERP Industrial\",\"item\":\"https:\/\/www.nomus.com.br\/erpindustrial\/\"},{\"@type\":\"ListItem\",\"position\":2,\"name\":\"Como funciona o Nomus ERP Industrial\",\"item\":\"https:\/\/www.nomus.com.br\/erpindustrial\/como-funciona\/\"},{\"@type\":\"ListItem\",\"position\":3,\"name\":\"compras\"}]},{\"@type\":\"WebSite\",\"@id\":\"https:\/\/www.nomus.com.br\/erpindustrial\/#website\",\"url\":\"https:\/\/www.nomus.com.br\/erpindustrial\/\",\"name\":\"Nomus ERP Industrial\",\"description\":\"O melhor sistema de gest\u00e3o ERP para ind\u00fastrias do Brasil\",\"potentialAction\":[{\"@type\":\"SearchAction\",\"target\":{\"@type\":\"EntryPoint\",\"urlTemplate\":\"https:\/\/www.nomus.com.br\/erpindustrial\/?s={search_term_string}\"},\"query-input\":{\"@type\":\"PropertyValueSpecification\",\"valueRequired\":true,\"valueName\":\"search_term_string\"}}],\"inLanguage\":\"pt-BR\"}]}<\/script>\n<!-- \/ Yoast SEO plugin. -->","yoast_head_json":{"title":"Como funciona a gest\u00e3o de compras e recebimentos no ERP Industrial","description":"Veja como funciona a gest\u00e3o de compras e recebimentos no ERP Industrial e saiba quais s\u00e3o as funcionalidades dispon\u00edveis e os benef\u00edcios para sua empresa.","robots":{"index":"index","follow":"follow","max-snippet":"max-snippet:-1","max-image-preview":"max-image-preview:large","max-video-preview":"max-video-preview:-1"},"canonical":"https:\/\/www.nomus.com.br\/erpindustrial\/como-funciona\/compras\/","og_locale":"pt_BR","og_type":"article","og_title":"Como funciona a gest\u00e3o de compras e recebimentos no ERP Industrial","og_description":"Veja como funciona a gest\u00e3o de compras e recebimentos no ERP Industrial e saiba quais s\u00e3o as funcionalidades dispon\u00edveis e os benef\u00edcios para sua empresa.","og_url":"https:\/\/www.nomus.com.br\/erpindustrial\/como-funciona\/compras\/","og_site_name":"Nomus ERP Industrial","article_modified_time":"2025-11-13T17:59:40+00:00","og_image":[{"width":620,"height":405,"url":"https:\/\/www.nomus.com.br\/erpindustrial\/wp-content\/uploads\/2025\/10\/og-como-funciona.jpg","type":"image\/jpeg"}],"twitter_card":"summary_large_image","twitter_title":"Como funciona a gest\u00e3o de compras e recebimentos no ERP Industrial","twitter_description":"Veja como funciona a gest\u00e3o de compras e recebimentos no ERP Industrial e saiba quais s\u00e3o as funcionalidades dispon\u00edveis e os benef\u00edcios para sua empresa.","twitter_image":"https:\/\/www.nomus.com.br\/erpindustrial\/wp-content\/uploads\/2019\/08\/como-funciona.jpg","twitter_misc":{"Est. tempo de leitura":"5 minutos"},"schema":{"@context":"https:\/\/schema.org","@graph":[{"@type":"WebPage","@id":"https:\/\/www.nomus.com.br\/erpindustrial\/como-funciona\/compras\/","url":"https:\/\/www.nomus.com.br\/erpindustrial\/como-funciona\/compras\/","name":"Como funciona a gest\u00e3o de compras e recebimentos no ERP Industrial","isPartOf":{"@id":"https:\/\/www.nomus.com.br\/erpindustrial\/#website"},"primaryImageOfPage":{"@id":"https:\/\/www.nomus.com.br\/erpindustrial\/como-funciona\/compras\/#primaryimage"},"image":{"@id":"https:\/\/www.nomus.com.br\/erpindustrial\/como-funciona\/compras\/#primaryimage"},"thumbnailUrl":"https:\/\/www.nomus.com.br\/erpindustrial\/wp-content\/uploads\/2025\/11\/01-solicitacoes-compra-min-397x194.png","datePublished":"2015-09-24T14:15:14+00:00","dateModified":"2025-11-13T17:59:40+00:00","description":"Veja como funciona a gest\u00e3o de compras e recebimentos no ERP Industrial e saiba quais s\u00e3o as funcionalidades dispon\u00edveis e os benef\u00edcios para sua empresa.","breadcrumb":{"@id":"https:\/\/www.nomus.com.br\/erpindustrial\/como-funciona\/compras\/#breadcrumb"},"inLanguage":"pt-BR","potentialAction":[{"@type":"ReadAction","target":["https:\/\/www.nomus.com.br\/erpindustrial\/como-funciona\/compras\/"]}]},{"@type":"ImageObject","inLanguage":"pt-BR","@id":"https:\/\/www.nomus.com.br\/erpindustrial\/como-funciona\/compras\/#primaryimage","url":"https:\/\/www.nomus.com.br\/erpindustrial\/wp-content\/uploads\/2025\/11\/01-solicitacoes-compra-min.png","contentUrl":"https:\/\/www.nomus.com.br\/erpindustrial\/wp-content\/uploads\/2025\/11\/01-solicitacoes-compra-min.png","width":1825,"height":843},{"@type":"BreadcrumbList","@id":"https:\/\/www.nomus.com.br\/erpindustrial\/como-funciona\/compras\/#breadcrumb","itemListElement":[{"@type":"ListItem","position":1,"name":"Nomus ERP Industrial","item":"https:\/\/www.nomus.com.br\/erpindustrial\/"},{"@type":"ListItem","position":2,"name":"Como funciona o Nomus ERP Industrial","item":"https:\/\/www.nomus.com.br\/erpindustrial\/como-funciona\/"},{"@type":"ListItem","position":3,"name":"compras"}]},{"@type":"WebSite","@id":"https:\/\/www.nomus.com.br\/erpindustrial\/#website","url":"https:\/\/www.nomus.com.br\/erpindustrial\/","name":"Nomus ERP Industrial","description":"O melhor sistema de gest\u00e3o ERP para ind\u00fastrias do Brasil","potentialAction":[{"@type":"SearchAction","target":{"@type":"EntryPoint","urlTemplate":"https:\/\/www.nomus.com.br\/erpindustrial\/?s={search_term_string}"},"query-input":{"@type":"PropertyValueSpecification","valueRequired":true,"valueName":"search_term_string"}}],"inLanguage":"pt-BR"}]}},"_links":{"self":[{"href":"https:\/\/www.nomus.com.br\/erpindustrial\/wp-json\/wp\/v2\/pages\/743","targetHints":{"allow":["GET"]}}],"collection":[{"href":"https:\/\/www.nomus.com.br\/erpindustrial\/wp-json\/wp\/v2\/pages"}],"about":[{"href":"https:\/\/www.nomus.com.br\/erpindustrial\/wp-json\/wp\/v2\/types\/page"}],"author":[{"embeddable":true,"href":"https:\/\/www.nomus.com.br\/erpindustrial\/wp-json\/wp\/v2\/users\/1"}],"replies":[{"embeddable":true,"href":"https:\/\/www.nomus.com.br\/erpindustrial\/wp-json\/wp\/v2\/comments?post=743"}],"version-history":[{"count":27,"href":"https:\/\/www.nomus.com.br\/erpindustrial\/wp-json\/wp\/v2\/pages\/743\/revisions"}],"predecessor-version":[{"id":8724,"href":"https:\/\/www.nomus.com.br\/erpindustrial\/wp-json\/wp\/v2\/pages\/743\/revisions\/8724"}],"up":[{"embeddable":true,"href":"https:\/\/www.nomus.com.br\/erpindustrial\/wp-json\/wp\/v2\/pages\/47"}],"wp:attachment":[{"href":"https:\/\/www.nomus.com.br\/erpindustrial\/wp-json\/wp\/v2\/media?parent=743"}],"curies":[{"name":"wp","href":"https:\/\/api.w.org\/{rel}","templated":true}]}}