{"id":724,"date":"2015-09-23T14:16:46","date_gmt":"2015-09-23T14:16:46","guid":{"rendered":"http:\/\/nomus.com.br\/nomusindustrial\/?page_id=724"},"modified":"2025-12-11T18:55:37","modified_gmt":"2025-12-11T21:55:37","slug":"mrp","status":"publish","type":"page","link":"https:\/\/www.nomus.com.br\/erpindustrial\/como-funciona\/mrp\/","title":{"rendered":"MRP"},"content":{"rendered":"<style>\r\n\r\n.link-como-funciona-mrp {\r\n    background-color: #f9f1e1;\r\n    color: #b1710d!important;\r\n}\r\n\r\n.icone-mrp{\r\n  background-color:#68a8c3;\r\n}\r\n<\/style>\r\n\r\n\r\n<hr \/>\r\n\r\n<div class=\"row\">\r\n  <div class=\"col-md-2\">\r\n    <div class=\" caixa-diferencial icone-mrp text-center\"> \r\n      <p style=\"font-size: 70px;color: white;padding: 0px;margin: 15px 0px 0px 0px;\"><i class=\"glyphicon glyphicon glyphicon-list-alt\" aria-hidden=\"true\"><\/i><\/p>\r\n    <\/div>\r\n  <\/div>\r\n  <div class=\"col-md-10\">\r\n    <h1 class=\"titulo-sem-imagem\">Plano de produ\u00e7\u00e3o e MRP <\/h1>\r\n    <h2 class=\"h2-descricao-funcionalidade\">Fabrique produtos e compre materiais na quantidade e momentos certos com o plano da produ\u00e7\u00e3o e o MRP, e mantenha seus estoques nos n\u00edveis ideais.<\/h2>\r\n  <\/div>\r\n<\/div>\r\n\r\n\r\n\r\n<hr class=\"hr-respiro\">\r\n<h3>Principais benef\u00edcios em utilizar o Plano de produ\u00e7\u00e3o e MRP <\/h3>\r\n<br>\r\n<ul class=\"lista-bf\">\r\n  \r\n<li class=\"beneficio-funcionalidade\">Saiba quais produtos acabados devem ser fabricados para atender a demanda de seus clientes, evitando custos com excesso de estoque e perdas com falta de estoque.<\/li>\r\n<li class=\"beneficio-funcionalidade\">Saiba quais produtos semi-acabados que devem ser fabricados para atender seu plano de produ\u00e7\u00e3o, evitar atrasos na produ\u00e7\u00e3o e excesso de estoque.<\/li>\r\n<li class=\"beneficio-funcionalidade\">Saiba as mat\u00e9rias primas que devem ser compradas para atender seu plano de produ\u00e7\u00e3o, evitar atrasos na produ\u00e7\u00e3o e excesso de estoque.<\/li>\r\n<li class=\"beneficio-funcionalidade\">Utilize o software para gerar todas as ordens de produ\u00e7\u00e3o de forma autom\u00e1tica para facilitar e agilizar o planejamento da produ\u00e7\u00e3o.<\/li>\r\n<li class=\"beneficio-funcionalidade\">Utilize o software para gerar todas as solicita\u00e7\u00f5es de compra de forma autom\u00e1tica para facilitar e agilizar o planejamento de compras.<\/li>\r\n<li class=\"beneficio-funcionalidade\">Veja os gargalos da produ\u00e7\u00e3o e tome a\u00e7\u00f5es para reduzir gargalos e evitar atrasos nas entregas.<\/li>\r\n<\/ul>\r\n\r\n<hr class=\"hr-respiro\">\r\n<h3>Funcionalidades da Plano de produ\u00e7\u00e3o e MRP do Nomus ERP Industrial<\/h3>\r\n<br>\r\n\r\n<div class=\"row\">\r\n  <br>\r\n  <div class=\"col-md-6\">\r\n     <a href=\"https:\/\/www.nomus.com.br\/erpindustrial\/wp-content\/uploads\/2025\/12\/01-previsao-vendas-min.png\" rel=\"lightbox[724]\"><img decoding=\"async\" data-src=\"https:\/\/www.nomus.com.br\/erpindustrial\/wp-content\/uploads\/2025\/12\/01-previsao-vendas-min-397x194.png\" alt=\"1-previsoes-de-venda\" width=\"397\" height=\"194\" class=\"alignnone size-thumbnail wp-image-2156 lazyload\" src=\"data:image\/svg+xml;base64,PHN2ZyB3aWR0aD0iMSIgaGVpZ2h0PSIxIiB4bWxucz0iaHR0cDovL3d3dy53My5vcmcvMjAwMC9zdmciPjwvc3ZnPg==\" style=\"--smush-placeholder-width: 397px; --smush-placeholder-aspect-ratio: 397\/194;\" \/><\/a>\r\n  <\/div>\r\n  <div class=\"col-md-6\">\r\n      <p class=\"forte\">Previs\u00e3o de vendas<\/p>\r\n      <p>\r\n        C\u00e1lculo da previs\u00e3o de vendas dos produtos a partir da an\u00e1lise hist\u00f3rica dos pedidos de venda. \r\n      <\/p>\r\n      \r\n  <\/div>\r\n<\/div>\r\n\r\n<hr class=\"hr-respiro\">\r\n\r\n<div class=\"row\">\r\n    <br>\r\n  <div class=\"col-md-6\">\r\n      <p class=\"forte\">Plano de produ\u00e7\u00e3o<\/p>\r\n      <p>\r\n       C\u00e1lculo do plano de produ\u00e7\u00e3o a partir da an\u00e1lise da previs\u00e3o de vendas, dos pedidos de venda em carteira e do saldo atual do estoque de produtos. Saiba exatamente o que produzir, quanto produzir, para quando produzir, para manter seus n\u00edveis de estoque equilibrados. \r\n      <\/p>\r\n      \r\n  <\/div>\r\n  <div class=\"col-md-6\">\r\n    <a href=\"https:\/\/www.nomus.com.br\/erpindustrial\/wp-content\/uploads\/2025\/12\/02-planos-producao-min.png\" rel=\"lightbox[724]\"><img decoding=\"async\" data-src=\"https:\/\/www.nomus.com.br\/erpindustrial\/wp-content\/uploads\/2025\/12\/02-planos-producao-min-397x194.png\" alt=\"3-ordens-geradas\" width=\"397\" height=\"194\" class=\"alignnone size-thumbnail wp-image-2158 lazyload\" src=\"data:image\/svg+xml;base64,PHN2ZyB3aWR0aD0iMSIgaGVpZ2h0PSIxIiB4bWxucz0iaHR0cDovL3d3dy53My5vcmcvMjAwMC9zdmciPjwvc3ZnPg==\" style=\"--smush-placeholder-width: 397px; --smush-placeholder-aspect-ratio: 397\/194;\" \/><\/a>\r\n  <\/div>\r\n<\/div>\r\n\r\n<hr class=\"hr-respiro\">\r\n\r\n<div class=\"row\">\r\n  <br>\r\n  <div class=\"col-md-6\">\r\n      <a href=\"https:\/\/www.nomus.com.br\/erpindustrial\/wp-content\/uploads\/2025\/12\/03-ordens-geradas-min.png\" rel=\"lightbox[724]\"><img decoding=\"async\" data-src=\"https:\/\/www.nomus.com.br\/erpindustrial\/wp-content\/uploads\/2025\/12\/03-ordens-geradas-min-397x194.png\" alt=\"3-ordens-geradas\" width=\"397\" height=\"194\" class=\"alignnone size-thumbnail wp-image-2158 lazyload\" src=\"data:image\/svg+xml;base64,PHN2ZyB3aWR0aD0iMSIgaGVpZ2h0PSIxIiB4bWxucz0iaHR0cDovL3d3dy53My5vcmcvMjAwMC9zdmciPjwvc3ZnPg==\" style=\"--smush-placeholder-width: 397px; --smush-placeholder-aspect-ratio: 397\/194;\" \/><\/a>\r\n  <\/div>\r\n  <div class=\"col-md-6\">\r\n      <p class=\"forte\">Gera\u00e7\u00e3o autom\u00e1tica de ordens do plano de produ\u00e7\u00e3o<\/p>\r\n      <p>Gera\u00e7\u00e3o autom\u00e1tica de todas as ordens de produ\u00e7\u00e3o sugeridas pelo plano de produ\u00e7\u00e3o conferindo agilidade e precis\u00e3o para o planejamento da produ\u00e7\u00e3o. <\/p>\r\n  <\/div>\r\n<\/div>\r\n\r\n<hr class=\"hr-respiro\">\r\n\r\n<div class=\"row\">\r\n    <br>\r\n  <div class=\"col-md-6\">\r\n      <p class=\"forte\"> MRP &#8211; Planejamento da necessidade de materiais<\/p>\r\n      <p>\r\n       C\u00e1lculo do MRP (Planejamento da necessidade de materiais) a partir da an\u00e1lise do plano de produ\u00e7\u00e3o, empenhos de materiais, pedidos de compra e saldo atual em estoque de produtos. Saiba exatamente o que comprar, quanto comprar, para quando comprar, para manter seus n\u00edveis de estoque equilibrados. \r\n      <\/p>      \r\n  <\/div>\r\n  <div class=\"col-md-6\">\r\n    <a href=\"https:\/\/www.nomus.com.br\/erpindustrial\/wp-content\/uploads\/2025\/12\/04-mrp-min.png\" rel=\"lightbox[724]\"><img decoding=\"async\" data-src=\"https:\/\/www.nomus.com.br\/erpindustrial\/wp-content\/uploads\/2025\/12\/04-mrp-min-397x194.png\" alt=\"4-mrps\" width=\"397\" height=\"194\" class=\"alignnone size-thumbnail wp-image-2159 lazyload\" src=\"data:image\/svg+xml;base64,PHN2ZyB3aWR0aD0iMSIgaGVpZ2h0PSIxIiB4bWxucz0iaHR0cDovL3d3dy53My5vcmcvMjAwMC9zdmciPjwvc3ZnPg==\" style=\"--smush-placeholder-width: 397px; --smush-placeholder-aspect-ratio: 397\/194;\" \/><\/a>\r\n  <\/div>\r\n<\/div>\r\n\r\n<hr class=\"hr-respiro\">\r\n\r\n<div class=\"row\">\r\n  <br>\r\n  <div class=\"col-md-6\">\r\n      <a href=\"https:\/\/www.nomus.com.br\/erpindustrial\/wp-content\/uploads\/2025\/12\/05-ordens-mrp-min.png\" rel=\"lightbox[724]\"><img decoding=\"async\" data-src=\"https:\/\/www.nomus.com.br\/erpindustrial\/wp-content\/uploads\/2025\/12\/05-ordens-mrp-min-397x194.png\" alt=\"5-ordens-geradas-pelo-mrp\" width=\"397\" height=\"194\" class=\"alignnone size-thumbnail wp-image-2160 lazyload\" src=\"data:image\/svg+xml;base64,PHN2ZyB3aWR0aD0iMSIgaGVpZ2h0PSIxIiB4bWxucz0iaHR0cDovL3d3dy53My5vcmcvMjAwMC9zdmciPjwvc3ZnPg==\" style=\"--smush-placeholder-width: 397px; --smush-placeholder-aspect-ratio: 397\/194;\" \/><\/a>\r\n  <\/div>\r\n  <div class=\"col-md-6\">\r\n      <p class=\"forte\"> Ordens de semi-acabados via MRP<\/p>\r\n      <p>Gera\u00e7\u00e3o autom\u00e1tica de ordens de produ\u00e7\u00e3o de produtos semi-acabados sugeridas pelo MRP conferindo agilidade e precis\u00e3o para o planejamento da produ\u00e7\u00e3o. <\/p>\r\n  <\/div>\r\n<\/div>\r\n\r\n<hr class=\"hr-respiro\">\r\n\r\n<div class=\"row\">\r\n    <br>\r\n  <div class=\"col-md-6\">\r\n      <p class=\"forte\"> Solicita\u00e7\u00f5es de compra via MRP<\/p>\r\n      <p>\r\n       Gera\u00e7\u00e3o autom\u00e1tica de solicita\u00e7\u00f5es de compra de mat\u00e9rias primas sugeridas pelo MRP conferindo agilidade e precis\u00e3o para o planejamento de compras. \r\n      <\/p>      \r\n  <\/div>\r\n  <div class=\"col-md-6\">\r\n    <a href=\"https:\/\/www.nomus.com.br\/erpindustrial\/wp-content\/uploads\/2025\/12\/06-solicitacoes-compra-mrp-min.png\" rel=\"lightbox[724]\"><img decoding=\"async\" data-src=\"https:\/\/www.nomus.com.br\/erpindustrial\/wp-content\/uploads\/2025\/12\/06-solicitacoes-compra-mrp-min-397x194.png\" alt=\"6-solicitacoes\" width=\"397\" height=\"194\" class=\"alignnone size-thumbnail wp-image-2465 lazyload\" src=\"data:image\/svg+xml;base64,PHN2ZyB3aWR0aD0iMSIgaGVpZ2h0PSIxIiB4bWxucz0iaHR0cDovL3d3dy53My5vcmcvMjAwMC9zdmciPjwvc3ZnPg==\" style=\"--smush-placeholder-width: 397px; --smush-placeholder-aspect-ratio: 397\/194;\" \/><\/a>\r\n  <\/div>\r\n<\/div>\r\n\r\n<hr class=\"hr-respiro\">\r\n\r\n<div class=\"row\">\r\n  <br>\r\n  <div class=\"col-md-6\">\r\n      <a href=\"https:\/\/www.nomus.com.br\/erpindustrial\/wp-content\/uploads\/2025\/12\/07-crp-min.png\" rel=\"lightbox[724]\"><img decoding=\"async\" data-src=\"https:\/\/www.nomus.com.br\/erpindustrial\/wp-content\/uploads\/2025\/12\/07-crp-min-397x194.png\" alt=\"7-crp\" width=\"397\" height=\"194\" class=\"alignnone size-thumbnail wp-image-2162 lazyload\" src=\"data:image\/svg+xml;base64,PHN2ZyB3aWR0aD0iMSIgaGVpZ2h0PSIxIiB4bWxucz0iaHR0cDovL3d3dy53My5vcmcvMjAwMC9zdmciPjwvc3ZnPg==\" style=\"--smush-placeholder-width: 397px; --smush-placeholder-aspect-ratio: 397\/194;\" \/><\/a>\r\n  <\/div>\r\n  <div class=\"col-md-6\">\r\n      <p class=\"forte\"> CRP &#8211; Planejamento da necessidade de capacidade<\/p>\r\n      <p>C\u00e1lculo do CRP (Planejamento da necessidade de capacidade) integrado ao planejamento e controle da produ\u00e7\u00e3o, permitindo a identifica\u00e7\u00e3o de gargalos no processo produtivo.<\/p>\r\n  <\/div>\r\n<\/div>\r\n\r\n<hr class=\"hr-respiro\">\r\n\r\n<div class=\"row\">\r\n    <br>\r\n  <div class=\"col-md-6\">\r\n      <p class=\"forte\"> Importar previs\u00e3o de vendas a partir de planilha excel<\/p>\r\n      <p>\r\n        Possibilidade de importar planilha Excel com a previs\u00e3o de vendas de produtos garantindo mais confiabilidade no MRP\r\n      <\/p>      \r\n  <\/div>\r\n  <div class=\"col-md-6\">\r\n    <a href=\"https:\/\/www.nomus.com.br\/erpindustrial\/wp-content\/uploads\/2025\/12\/08-importar-excel-min.png\" rel=\"lightbox[724]\"><img decoding=\"async\" data-src=\"https:\/\/www.nomus.com.br\/erpindustrial\/wp-content\/uploads\/2025\/12\/08-importar-excel-min-397x194.png\" alt=\"7-crp\" width=\"397\" height=\"194\" class=\"alignnone size-thumbnail wp-image-2162 lazyload\" src=\"data:image\/svg+xml;base64,PHN2ZyB3aWR0aD0iMSIgaGVpZ2h0PSIxIiB4bWxucz0iaHR0cDovL3d3dy53My5vcmcvMjAwMC9zdmciPjwvc3ZnPg==\" style=\"--smush-placeholder-width: 397px; --smush-placeholder-aspect-ratio: 397\/194;\" \/><\/a>\r\n  <\/div>\r\n<\/div>\r\n\r\n\r\n\r\n\r\n<\/div>\r\n<\/div>\r\n<hr>\r\n<p class=\"text-right\">Pr\u00f3ximo passo: <a href=\"http:\/\/nomus.com.br\/erpindustrial\/como-funciona\/chao-de-fabrica\/\">Conhe\u00e7a o m\u00f3dulo de Controle do ch\u00e3o de f\u00e1brica \u00bb<\/a><\/p>\r\n","protected":false},"excerpt":{"rendered":"<p>Plano de produ\u00e7\u00e3o e MRP Fabrique produtos e compre materiais na quantidade e momentos certos com o plano da produ\u00e7\u00e3o e o MRP, e mantenha seus estoques nos n\u00edveis ideais. Principais benef\u00edcios em utilizar o Plano de produ\u00e7\u00e3o e MRP Saiba quais produtos acabados devem ser fabricados para atender a demanda de seus clientes, evitando [&hellip;]<\/p>\n","protected":false},"author":1,"featured_media":0,"parent":47,"menu_order":34,"comment_status":"open","ping_status":"open","template":"page-comofunciona.php","meta":{"_acf_changed":false,"footnotes":""},"class_list":["post-724","page","type-page","status-publish","hentry"],"acf":[],"yoast_head":"<!-- This site is optimized with the Yoast SEO plugin v26.5 - https:\/\/yoast.com\/wordpress\/plugins\/seo\/ -->\n<title>Como funciona a gest\u00e3o de plano de produ\u00e7\u00e3o e MRP no ERP Industrial<\/title>\n<meta name=\"description\" content=\"Veja como funciona a gest\u00e3o de plano de produ\u00e7\u00e3o e MRP no ERP Industrial da Nomus. Entenda quais s\u00e3o as funcionalidades e benef\u00edcios dispon\u00edveis.\" \/>\n<meta name=\"robots\" content=\"index, follow, max-snippet:-1, max-image-preview:large, max-video-preview:-1\" \/>\n<link rel=\"canonical\" href=\"https:\/\/www.nomus.com.br\/erpindustrial\/como-funciona\/mrp\/\" \/>\n<meta property=\"og:locale\" content=\"pt_BR\" \/>\n<meta property=\"og:type\" content=\"article\" \/>\n<meta property=\"og:title\" content=\"Como funciona a gest\u00e3o de plano de produ\u00e7\u00e3o e MRP no ERP Industrial\" \/>\n<meta property=\"og:description\" content=\"Veja como funciona a gest\u00e3o de plano de produ\u00e7\u00e3o e MRP no ERP Industrial da Nomus. Entenda quais s\u00e3o as funcionalidades e benef\u00edcios dispon\u00edveis.\" \/>\n<meta property=\"og:url\" content=\"https:\/\/www.nomus.com.br\/erpindustrial\/como-funciona\/mrp\/\" \/>\n<meta property=\"og:site_name\" content=\"Nomus ERP Industrial\" \/>\n<meta property=\"article:modified_time\" content=\"2025-12-11T21:55:37+00:00\" \/>\n<meta property=\"og:image\" content=\"https:\/\/www.nomus.com.br\/erpindustrial\/wp-content\/uploads\/2025\/10\/og-como-funciona.jpg\" \/>\n\t<meta property=\"og:image:width\" content=\"620\" \/>\n\t<meta property=\"og:image:height\" content=\"405\" \/>\n\t<meta property=\"og:image:type\" content=\"image\/jpeg\" \/>\n<meta name=\"twitter:card\" content=\"summary_large_image\" \/>\n<meta name=\"twitter:title\" content=\"Como funciona a gest\u00e3o de plano de produ\u00e7\u00e3o e MRP no ERP Industrial\" \/>\n<meta name=\"twitter:description\" content=\"Veja como funciona a gest\u00e3o de plano de produ\u00e7\u00e3o e MRP no ERP Industrial da Nomus. Entenda quais s\u00e3o as funcionalidades e benef\u00edcios dispon\u00edveis.\" \/>\n<meta name=\"twitter:image\" content=\"https:\/\/www.nomus.com.br\/erpindustrial\/wp-content\/uploads\/2019\/08\/como-funciona.jpg\" \/>\n<meta name=\"twitter:label1\" content=\"Est. tempo de leitura\" \/>\n\t<meta name=\"twitter:data1\" content=\"4 minutos\" \/>\n<script type=\"application\/ld+json\" class=\"yoast-schema-graph\">{\"@context\":\"https:\/\/schema.org\",\"@graph\":[{\"@type\":\"WebPage\",\"@id\":\"https:\/\/www.nomus.com.br\/erpindustrial\/como-funciona\/mrp\/\",\"url\":\"https:\/\/www.nomus.com.br\/erpindustrial\/como-funciona\/mrp\/\",\"name\":\"Como funciona a gest\u00e3o de plano de produ\u00e7\u00e3o e MRP no ERP Industrial\",\"isPartOf\":{\"@id\":\"https:\/\/www.nomus.com.br\/erpindustrial\/#website\"},\"primaryImageOfPage\":{\"@id\":\"https:\/\/www.nomus.com.br\/erpindustrial\/como-funciona\/mrp\/#primaryimage\"},\"image\":{\"@id\":\"https:\/\/www.nomus.com.br\/erpindustrial\/como-funciona\/mrp\/#primaryimage\"},\"thumbnailUrl\":\"https:\/\/www.nomus.com.br\/erpindustrial\/wp-content\/uploads\/2025\/12\/01-previsao-vendas-min-397x194.png\",\"datePublished\":\"2015-09-23T14:16:46+00:00\",\"dateModified\":\"2025-12-11T21:55:37+00:00\",\"description\":\"Veja como funciona a gest\u00e3o de plano de produ\u00e7\u00e3o e MRP no ERP Industrial da Nomus. Entenda quais s\u00e3o as funcionalidades e benef\u00edcios dispon\u00edveis.\",\"breadcrumb\":{\"@id\":\"https:\/\/www.nomus.com.br\/erpindustrial\/como-funciona\/mrp\/#breadcrumb\"},\"inLanguage\":\"pt-BR\",\"potentialAction\":[{\"@type\":\"ReadAction\",\"target\":[\"https:\/\/www.nomus.com.br\/erpindustrial\/como-funciona\/mrp\/\"]}]},{\"@type\":\"ImageObject\",\"inLanguage\":\"pt-BR\",\"@id\":\"https:\/\/www.nomus.com.br\/erpindustrial\/como-funciona\/mrp\/#primaryimage\",\"url\":\"https:\/\/www.nomus.com.br\/erpindustrial\/wp-content\/uploads\/2025\/12\/01-previsao-vendas-min.png\",\"contentUrl\":\"https:\/\/www.nomus.com.br\/erpindustrial\/wp-content\/uploads\/2025\/12\/01-previsao-vendas-min.png\",\"width\":1802,\"height\":743},{\"@type\":\"BreadcrumbList\",\"@id\":\"https:\/\/www.nomus.com.br\/erpindustrial\/como-funciona\/mrp\/#breadcrumb\",\"itemListElement\":[{\"@type\":\"ListItem\",\"position\":1,\"name\":\"Nomus ERP Industrial\",\"item\":\"https:\/\/www.nomus.com.br\/erpindustrial\/\"},{\"@type\":\"ListItem\",\"position\":2,\"name\":\"Como funciona o Nomus ERP Industrial\",\"item\":\"https:\/\/www.nomus.com.br\/erpindustrial\/como-funciona\/\"},{\"@type\":\"ListItem\",\"position\":3,\"name\":\"MRP\"}]},{\"@type\":\"WebSite\",\"@id\":\"https:\/\/www.nomus.com.br\/erpindustrial\/#website\",\"url\":\"https:\/\/www.nomus.com.br\/erpindustrial\/\",\"name\":\"Nomus ERP Industrial\",\"description\":\"O melhor sistema de gest\u00e3o ERP para ind\u00fastrias do Brasil\",\"potentialAction\":[{\"@type\":\"SearchAction\",\"target\":{\"@type\":\"EntryPoint\",\"urlTemplate\":\"https:\/\/www.nomus.com.br\/erpindustrial\/?s={search_term_string}\"},\"query-input\":{\"@type\":\"PropertyValueSpecification\",\"valueRequired\":true,\"valueName\":\"search_term_string\"}}],\"inLanguage\":\"pt-BR\"}]}<\/script>\n<!-- \/ Yoast SEO plugin. -->","yoast_head_json":{"title":"Como funciona a gest\u00e3o de plano de produ\u00e7\u00e3o e MRP no ERP Industrial","description":"Veja como funciona a gest\u00e3o de plano de produ\u00e7\u00e3o e MRP no ERP Industrial da Nomus. Entenda quais s\u00e3o as funcionalidades e benef\u00edcios dispon\u00edveis.","robots":{"index":"index","follow":"follow","max-snippet":"max-snippet:-1","max-image-preview":"max-image-preview:large","max-video-preview":"max-video-preview:-1"},"canonical":"https:\/\/www.nomus.com.br\/erpindustrial\/como-funciona\/mrp\/","og_locale":"pt_BR","og_type":"article","og_title":"Como funciona a gest\u00e3o de plano de produ\u00e7\u00e3o e MRP no ERP Industrial","og_description":"Veja como funciona a gest\u00e3o de plano de produ\u00e7\u00e3o e MRP no ERP Industrial da Nomus. Entenda quais s\u00e3o as funcionalidades e benef\u00edcios dispon\u00edveis.","og_url":"https:\/\/www.nomus.com.br\/erpindustrial\/como-funciona\/mrp\/","og_site_name":"Nomus ERP Industrial","article_modified_time":"2025-12-11T21:55:37+00:00","og_image":[{"width":620,"height":405,"url":"https:\/\/www.nomus.com.br\/erpindustrial\/wp-content\/uploads\/2025\/10\/og-como-funciona.jpg","type":"image\/jpeg"}],"twitter_card":"summary_large_image","twitter_title":"Como funciona a gest\u00e3o de plano de produ\u00e7\u00e3o e MRP no ERP Industrial","twitter_description":"Veja como funciona a gest\u00e3o de plano de produ\u00e7\u00e3o e MRP no ERP Industrial da Nomus. Entenda quais s\u00e3o as funcionalidades e benef\u00edcios dispon\u00edveis.","twitter_image":"https:\/\/www.nomus.com.br\/erpindustrial\/wp-content\/uploads\/2019\/08\/como-funciona.jpg","twitter_misc":{"Est. tempo de leitura":"4 minutos"},"schema":{"@context":"https:\/\/schema.org","@graph":[{"@type":"WebPage","@id":"https:\/\/www.nomus.com.br\/erpindustrial\/como-funciona\/mrp\/","url":"https:\/\/www.nomus.com.br\/erpindustrial\/como-funciona\/mrp\/","name":"Como funciona a gest\u00e3o de plano de produ\u00e7\u00e3o e MRP no ERP Industrial","isPartOf":{"@id":"https:\/\/www.nomus.com.br\/erpindustrial\/#website"},"primaryImageOfPage":{"@id":"https:\/\/www.nomus.com.br\/erpindustrial\/como-funciona\/mrp\/#primaryimage"},"image":{"@id":"https:\/\/www.nomus.com.br\/erpindustrial\/como-funciona\/mrp\/#primaryimage"},"thumbnailUrl":"https:\/\/www.nomus.com.br\/erpindustrial\/wp-content\/uploads\/2025\/12\/01-previsao-vendas-min-397x194.png","datePublished":"2015-09-23T14:16:46+00:00","dateModified":"2025-12-11T21:55:37+00:00","description":"Veja como funciona a gest\u00e3o de plano de produ\u00e7\u00e3o e MRP no ERP Industrial da Nomus. Entenda quais s\u00e3o as funcionalidades e benef\u00edcios dispon\u00edveis.","breadcrumb":{"@id":"https:\/\/www.nomus.com.br\/erpindustrial\/como-funciona\/mrp\/#breadcrumb"},"inLanguage":"pt-BR","potentialAction":[{"@type":"ReadAction","target":["https:\/\/www.nomus.com.br\/erpindustrial\/como-funciona\/mrp\/"]}]},{"@type":"ImageObject","inLanguage":"pt-BR","@id":"https:\/\/www.nomus.com.br\/erpindustrial\/como-funciona\/mrp\/#primaryimage","url":"https:\/\/www.nomus.com.br\/erpindustrial\/wp-content\/uploads\/2025\/12\/01-previsao-vendas-min.png","contentUrl":"https:\/\/www.nomus.com.br\/erpindustrial\/wp-content\/uploads\/2025\/12\/01-previsao-vendas-min.png","width":1802,"height":743},{"@type":"BreadcrumbList","@id":"https:\/\/www.nomus.com.br\/erpindustrial\/como-funciona\/mrp\/#breadcrumb","itemListElement":[{"@type":"ListItem","position":1,"name":"Nomus ERP Industrial","item":"https:\/\/www.nomus.com.br\/erpindustrial\/"},{"@type":"ListItem","position":2,"name":"Como funciona o Nomus ERP Industrial","item":"https:\/\/www.nomus.com.br\/erpindustrial\/como-funciona\/"},{"@type":"ListItem","position":3,"name":"MRP"}]},{"@type":"WebSite","@id":"https:\/\/www.nomus.com.br\/erpindustrial\/#website","url":"https:\/\/www.nomus.com.br\/erpindustrial\/","name":"Nomus ERP Industrial","description":"O melhor sistema de gest\u00e3o ERP para ind\u00fastrias do Brasil","potentialAction":[{"@type":"SearchAction","target":{"@type":"EntryPoint","urlTemplate":"https:\/\/www.nomus.com.br\/erpindustrial\/?s={search_term_string}"},"query-input":{"@type":"PropertyValueSpecification","valueRequired":true,"valueName":"search_term_string"}}],"inLanguage":"pt-BR"}]}},"_links":{"self":[{"href":"https:\/\/www.nomus.com.br\/erpindustrial\/wp-json\/wp\/v2\/pages\/724","targetHints":{"allow":["GET"]}}],"collection":[{"href":"https:\/\/www.nomus.com.br\/erpindustrial\/wp-json\/wp\/v2\/pages"}],"about":[{"href":"https:\/\/www.nomus.com.br\/erpindustrial\/wp-json\/wp\/v2\/types\/page"}],"author":[{"embeddable":true,"href":"https:\/\/www.nomus.com.br\/erpindustrial\/wp-json\/wp\/v2\/users\/1"}],"replies":[{"embeddable":true,"href":"https:\/\/www.nomus.com.br\/erpindustrial\/wp-json\/wp\/v2\/comments?post=724"}],"version-history":[{"count":22,"href":"https:\/\/www.nomus.com.br\/erpindustrial\/wp-json\/wp\/v2\/pages\/724\/revisions"}],"predecessor-version":[{"id":8853,"href":"https:\/\/www.nomus.com.br\/erpindustrial\/wp-json\/wp\/v2\/pages\/724\/revisions\/8853"}],"up":[{"embeddable":true,"href":"https:\/\/www.nomus.com.br\/erpindustrial\/wp-json\/wp\/v2\/pages\/47"}],"wp:attachment":[{"href":"https:\/\/www.nomus.com.br\/erpindustrial\/wp-json\/wp\/v2\/media?parent=724"}],"curies":[{"name":"wp","href":"https:\/\/api.w.org\/{rel}","templated":true}]}}