{"id":21,"date":"2015-07-03T17:33:32","date_gmt":"2015-07-03T17:33:32","guid":{"rendered":"http:\/\/nomus.com.br\/nomusindustrial\/?page_id=21"},"modified":"2025-11-13T08:47:51","modified_gmt":"2025-11-13T11:47:51","slug":"contato","status":"publish","type":"page","link":"https:\/\/www.nomus.com.br\/erpindustrial\/contato\/","title":{"rendered":"Contato"},"content":{"rendered":"<script src='https:\/\/www.google.com\/recaptcha\/api.js'><\/script>\r\n\r\n\r\n<link rel=\"stylesheet\" href=\"http:\/\/code.jquery.com\/ui\/1.10.2\/themes\/smoothness\/jquery-ui.css\" \/>\r\n<script type='text\/javascript' src='http:\/\/www.nomus.com.br\/wp-content\/themes\/nomus2014\/js\/jquery-ui.js'><\/script>\r\n<script type='text\/javascript' src='http:\/\/www.nomus.com.br\/wp-content\/themes\/nomus2014\/js\/parsley.js'><\/script>\r\n<script>\r\njQuery(function($){\r\n   $(\"#registrar-nascimento\").mask(\"99\/99\/9999\");\r\n   $(\"#registrar-telefone\").mask(\"(99) 9999-9999\");   $(\"#registrar-celular\").mask(\"(99) 9999-9999\");\r\n   $(\"#registrar-cpf\").mask(\"999.999.999-99\");\r\n   $(\"#ssn\").mask(\"999-99-9999\");\r\n});\r\n<\/script>\r\n\r\n<style>\r\n  .botao-header, .linha-conv{\r\n    display:none;\r\n  }\r\n<\/style>\r\n<div class=\"container\">\r\n      <div class=\"row\">\r\n        <div class=\"col-md-12\">\r\n          <h1 class=\"titulo-sem-imagem\">Entre em contato<\/h1>\r\n          <p>Preencha as informa\u00e7\u00f5es abaixo e entre em contato com a equipe do Nomus ERP Industrial. Hor\u00e1rio de atendimento de 8:00 as 17:00. Conhe\u00e7a mais <a href=\"http:\/\/www.nomus.com.br\/sobre-a-nomus\/\">sobre a Nomus<\/a>.<\/p>\r\n        <\/div>\r\n      <\/div>\r\n      <!-- Box produto -->\r\n\r\n      <!-- Box produto FIM -->\r\n\r\n      <!-- Barra interativa-->\r\n\r\n      <div class=\"row\">\r\n\r\n        <div class=\"col-md-5 text-center barra-lateral-direita\">\r\n          <hr>\r\n          <div  class=\"row \"> \r\n            <div  class=\"col-md-12\">\r\n              <p><b>Se voc\u00ea j\u00e1 \u00e9 cliente e deseja atendimento de suporte, <br> acesse: <a href=\"https:\/\/atendimento.nomus.com.br\/hc\/pt-br\" target=\"_blank\" rel=\"noopener\">atendimento.nomus.com.br<\/a><\/b><\/p>\r\n            <\/div>\r\n          <\/div>\r\n          <hr>\r\n          <div  class=\"row \"> \r\n            <div  class=\"col-md-12\">\r\n              <h2 style=\"    font-size: 25px;  color: #12A1D5;\"> <span class=\"glyphicon glyphicon-phone-alt\" aria-hidden=\"true\"><\/span> <span style = \"color:#445f6e\">Vendas:<\/span> (21) 2018-0633<\/h2>\r\n              <h2 style=\"    font-size: 25px;  color: #12A1D5;\"> <span class=\"glyphicon glyphicon-phone-alt\" aria-hidden=\"true\"><\/span> <span style = \"color:#445f6e\">Suporte:<\/span> (21) 2018-0707<\/h2>\r\n              <h2 style=\"    font-size: 25px;  color: #12A1D5;     padding-bottom: 11px;\"> <i class=\"fa fa-whatsapp\" aria-hidden=\"true\" style=\"padding-right:2px\"><\/i> <span style = \"color:#445f6e\">WhatsApp:<\/span> <a href=\"https:\/\/www.nomus.com.br\/whatsapp\" target=\"_blank\" rel=\"noopener\">Iniciar conversa<\/a><\/h2>\r\n              <hr>\r\n            <\/div>\r\n          <\/div>\r\n          <div  class=\"row \"> \r\n            <div  class=\"col-md-12\">\r\n              <p><b>Imprensa:<\/b><\/p>\r\n              <p>(11) 5111-8841<\/p>\r\n            <\/div>\r\n          <\/div>\r\n\r\n\r\n          <\/div>\r\n\r\n        <div class=\"col-md-7\">\r\n          <hr>\r\n          <div class=\"texto-com-icone\"><h3><span class=\"glyphicon glyphicon-envelope\" aria-hidden=\"true\"><\/span> Agende uma conversa com um especialista<\/h3><\/div>\r\n          <hr>\r\n          <a href=\"https:\/\/material.nomus.com.br\/especialista\" class=\"btn btn-success\" target=\"_blank\" style=\"font-size:24px; font-weight:bold;\">Quero falar com um especialista \u00bb<\/a>\r\n         \r\n\r\n           <!-- <form class=\"cleanForm\"  method=\"post\" action=\"http:\/\/www.nomus.com.br\/enviar-nomus-industrial.php\" >\r\n            <fieldset> \r\n            <div class=\"formulario-demonstracao\">\r\n              <div class=\"row\">\r\n                <div class=\"col-md-12\">\r\n                  <div class=\"form-group\">\r\n                    <label for=\"registrar-nome\">Nome e Sobrenome: <\/label>\r\n                    <input type=\"text\" id=\"registrar-nome\" name=\"registrar-nome\" value=\"\"  autofocus required class=\"form-control\"\/>\r\n                  <\/div>\r\n                <\/div>\r\n              <\/div>\r\n              <div class=\"row\">\r\n                <div class=\"col-md-6\">\r\n                  <div class=\"form-group\">\r\n                    <label for=\"registrar-empresa\">Ind\u00fastria ou empresa:<\/label>\r\n                    <input type=\"text\" id=\"registrar-empresa\" name=\"registrar-empresa\" value=\"\" class=\"form-control\" required \/>\r\n                  <\/div>\r\n                <\/div>\r\n                <div class=\"col-md-6\">\r\n                  <div class=\"form-group\">\r\n                    <label for=\"registrar-email\">Email:<\/label>\r\n                    <input type=\"email\" id=\"registrar-email\" name=\"registrar-email\" value=\"\" class=\"form-control \" required\/>\r\n                  <\/div>\r\n                <\/div>\r\n              <\/div>\r\n              <div class=\"row\">\r\n                <div class=\"col-md-6\">\r\n                  <div class=\"form-group\">\r\n                    <label for=\"registrar-telefone\">Telefone:<\/label>\r\n                    <input type=\"tel\" id=\"registrar-telefone\" name=\"registrar-telefone\" value=\"\" class=\"form-control\"\/>\r\n                  <\/div>\r\n                <\/div>\r\n                <div class=\"col-md-6\">\r\n                  <div class=\"form-group\">\r\n                    <label for=\"registrar-celular\">Assunto:<\/label>\r\n                    <input type=\"text\" id=\"registrar-assunto\" name=\"registrar-assunto\" value=\"\" class=\"form-control\"\/>\r\n                <\/div>\r\n                <\/div>\r\n              <\/div>\r\n              <div class=\"row\">\r\n                <div class=\"col-md-12\">\r\n                  <div class=\"form-group\">\r\n                    <label for=\"registrar-mensagem\">Mensagem:<\/label>\r\n                    <textarea id=\"registrar-mensagem\" name=\"registrar-mensagem\" value=\"\" required=\"\" class=\"form-control\"> <\/textarea>\r\n                 <\/div>\r\n                <\/div>\r\n              <\/div>\r\n              <hr>\r\n              <div class=\"g-recaptcha\" data-sitekey=\"6LdtaUQUAAAAABRXqOvurCTKVedDj-l6u1ePDDj0\"><\/div>\r\n              <hr>\r\n               <input type=\"submit\" class=\"btn btn-warning botao-demonstracao\" value=\"Enviar Mensagem\">\r\n              <\/div>\r\n              <\/fieldset> \r\n            <\/form> -->\r\n  <hr>\r\n        <\/div>\r\n\r\n\r\n\r\n\r\n        <\/div>\r\n\r\n      <\/div>\r\n<\/div>\r\n","protected":false},"excerpt":{"rendered":"<p>Entre em contato Preencha as informa\u00e7\u00f5es abaixo e entre em contato com a equipe do Nomus ERP Industrial. Hor\u00e1rio de atendimento de 8:00 as 17:00. Conhe\u00e7a mais sobre a Nomus. Se voc\u00ea j\u00e1 \u00e9 cliente e deseja atendimento de suporte, acesse: atendimento.nomus.com.br Vendas: (21) 2018-0633 Suporte: (21) 2018-0707 WhatsApp: Iniciar conversa Imprensa: (11) 5111-8841 Agende [&hellip;]<\/p>\n","protected":false},"author":1,"featured_media":0,"parent":0,"menu_order":9,"comment_status":"open","ping_status":"open","template":"","meta":{"_acf_changed":false,"footnotes":""},"class_list":["post-21","page","type-page","status-publish","hentry"],"acf":[],"yoast_head":"<!-- This site is optimized with the Yoast SEO plugin v26.5 - https:\/\/yoast.com\/wordpress\/plugins\/seo\/ -->\n<title>Central de contato do Nomus ERP Industrial (Email, telefone e formul\u00e1rio)<\/title>\n<meta name=\"description\" content=\"Veja quais s\u00e3o as informa\u00e7\u00f5es de contato do Nomus ERP Industrial e entre em contato com a nossa equipe para impulsionar a gest\u00e3o da sua f\u00e1brica.\" \/>\n<meta name=\"robots\" content=\"index, follow, max-snippet:-1, max-image-preview:large, max-video-preview:-1\" \/>\n<link rel=\"canonical\" href=\"https:\/\/www.nomus.com.br\/erpindustrial\/contato\/\" \/>\n<meta property=\"og:locale\" content=\"pt_BR\" \/>\n<meta property=\"og:type\" content=\"article\" \/>\n<meta property=\"og:title\" content=\"Central de contato do Nomus ERP Industrial (Email, telefone e formul\u00e1rio)\" \/>\n<meta property=\"og:description\" content=\"Veja quais s\u00e3o as informa\u00e7\u00f5es de contato do Nomus ERP Industrial e entre em contato com a nossa equipe para impulsionar a gest\u00e3o da sua f\u00e1brica.\" \/>\n<meta property=\"og:url\" content=\"https:\/\/www.nomus.com.br\/erpindustrial\/contato\/\" \/>\n<meta property=\"og:site_name\" content=\"Nomus ERP Industrial\" \/>\n<meta property=\"article:modified_time\" content=\"2025-11-13T11:47:51+00:00\" \/>\n<meta property=\"og:image\" content=\"https:\/\/www.nomus.com.br\/erpindustrial\/wp-content\/uploads\/2019\/08\/CONTATO.jpg\" \/>\n\t<meta property=\"og:image:width\" content=\"1000\" \/>\n\t<meta property=\"og:image:height\" content=\"563\" \/>\n\t<meta property=\"og:image:type\" content=\"image\/jpeg\" \/>\n<meta name=\"twitter:card\" content=\"summary_large_image\" \/>\n<meta name=\"twitter:title\" content=\"Central de contato do Nomus ERP Industrial (Email, telefone e formul\u00e1rio)\" \/>\n<meta name=\"twitter:description\" content=\"Veja quais s\u00e3o as informa\u00e7\u00f5es de contato do Nomus ERP Industrial e entre em contato com a nossa equipe para impulsionar a gest\u00e3o da sua f\u00e1brica.\" \/>\n<meta name=\"twitter:image\" content=\"https:\/\/www.nomus.com.br\/erpindustrial\/wp-content\/uploads\/2019\/08\/CONTATO.jpg\" \/>\n<meta name=\"twitter:label1\" content=\"Est. tempo de leitura\" \/>\n\t<meta name=\"twitter:data1\" content=\"1 minuto\" \/>\n<script type=\"application\/ld+json\" class=\"yoast-schema-graph\">{\"@context\":\"https:\/\/schema.org\",\"@graph\":[{\"@type\":\"WebPage\",\"@id\":\"https:\/\/www.nomus.com.br\/erpindustrial\/contato\/\",\"url\":\"https:\/\/www.nomus.com.br\/erpindustrial\/contato\/\",\"name\":\"Central de contato do Nomus ERP Industrial (Email, telefone e formul\u00e1rio)\",\"isPartOf\":{\"@id\":\"https:\/\/www.nomus.com.br\/erpindustrial\/#website\"},\"datePublished\":\"2015-07-03T17:33:32+00:00\",\"dateModified\":\"2025-11-13T11:47:51+00:00\",\"description\":\"Veja quais s\u00e3o as informa\u00e7\u00f5es de contato do Nomus ERP Industrial e entre em contato com a nossa equipe para impulsionar a gest\u00e3o da sua f\u00e1brica.\",\"breadcrumb\":{\"@id\":\"https:\/\/www.nomus.com.br\/erpindustrial\/contato\/#breadcrumb\"},\"inLanguage\":\"pt-BR\",\"potentialAction\":[{\"@type\":\"ReadAction\",\"target\":[\"https:\/\/www.nomus.com.br\/erpindustrial\/contato\/\"]}]},{\"@type\":\"BreadcrumbList\",\"@id\":\"https:\/\/www.nomus.com.br\/erpindustrial\/contato\/#breadcrumb\",\"itemListElement\":[{\"@type\":\"ListItem\",\"position\":1,\"name\":\"Nomus ERP Industrial\",\"item\":\"https:\/\/www.nomus.com.br\/erpindustrial\/\"},{\"@type\":\"ListItem\",\"position\":2,\"name\":\"Contato\"}]},{\"@type\":\"WebSite\",\"@id\":\"https:\/\/www.nomus.com.br\/erpindustrial\/#website\",\"url\":\"https:\/\/www.nomus.com.br\/erpindustrial\/\",\"name\":\"Nomus ERP Industrial\",\"description\":\"O melhor sistema de gest\u00e3o ERP para ind\u00fastrias do Brasil\",\"potentialAction\":[{\"@type\":\"SearchAction\",\"target\":{\"@type\":\"EntryPoint\",\"urlTemplate\":\"https:\/\/www.nomus.com.br\/erpindustrial\/?s={search_term_string}\"},\"query-input\":{\"@type\":\"PropertyValueSpecification\",\"valueRequired\":true,\"valueName\":\"search_term_string\"}}],\"inLanguage\":\"pt-BR\"}]}<\/script>\n<!-- \/ Yoast SEO plugin. -->","yoast_head_json":{"title":"Central de contato do Nomus ERP Industrial (Email, telefone e formul\u00e1rio)","description":"Veja quais s\u00e3o as informa\u00e7\u00f5es de contato do Nomus ERP Industrial e entre em contato com a nossa equipe para impulsionar a gest\u00e3o da sua f\u00e1brica.","robots":{"index":"index","follow":"follow","max-snippet":"max-snippet:-1","max-image-preview":"max-image-preview:large","max-video-preview":"max-video-preview:-1"},"canonical":"https:\/\/www.nomus.com.br\/erpindustrial\/contato\/","og_locale":"pt_BR","og_type":"article","og_title":"Central de contato do Nomus ERP Industrial (Email, telefone e formul\u00e1rio)","og_description":"Veja quais s\u00e3o as informa\u00e7\u00f5es de contato do Nomus ERP Industrial e entre em contato com a nossa equipe para impulsionar a gest\u00e3o da sua f\u00e1brica.","og_url":"https:\/\/www.nomus.com.br\/erpindustrial\/contato\/","og_site_name":"Nomus ERP Industrial","article_modified_time":"2025-11-13T11:47:51+00:00","og_image":[{"width":1000,"height":563,"url":"https:\/\/www.nomus.com.br\/erpindustrial\/wp-content\/uploads\/2019\/08\/CONTATO.jpg","type":"image\/jpeg"}],"twitter_card":"summary_large_image","twitter_title":"Central de contato do Nomus ERP Industrial (Email, telefone e formul\u00e1rio)","twitter_description":"Veja quais s\u00e3o as informa\u00e7\u00f5es de contato do Nomus ERP Industrial e entre em contato com a nossa equipe para impulsionar a gest\u00e3o da sua f\u00e1brica.","twitter_image":"https:\/\/www.nomus.com.br\/erpindustrial\/wp-content\/uploads\/2019\/08\/CONTATO.jpg","twitter_misc":{"Est. tempo de leitura":"1 minuto"},"schema":{"@context":"https:\/\/schema.org","@graph":[{"@type":"WebPage","@id":"https:\/\/www.nomus.com.br\/erpindustrial\/contato\/","url":"https:\/\/www.nomus.com.br\/erpindustrial\/contato\/","name":"Central de contato do Nomus ERP Industrial (Email, telefone e formul\u00e1rio)","isPartOf":{"@id":"https:\/\/www.nomus.com.br\/erpindustrial\/#website"},"datePublished":"2015-07-03T17:33:32+00:00","dateModified":"2025-11-13T11:47:51+00:00","description":"Veja quais s\u00e3o as informa\u00e7\u00f5es de contato do Nomus ERP Industrial e entre em contato com a nossa equipe para impulsionar a gest\u00e3o da sua f\u00e1brica.","breadcrumb":{"@id":"https:\/\/www.nomus.com.br\/erpindustrial\/contato\/#breadcrumb"},"inLanguage":"pt-BR","potentialAction":[{"@type":"ReadAction","target":["https:\/\/www.nomus.com.br\/erpindustrial\/contato\/"]}]},{"@type":"BreadcrumbList","@id":"https:\/\/www.nomus.com.br\/erpindustrial\/contato\/#breadcrumb","itemListElement":[{"@type":"ListItem","position":1,"name":"Nomus ERP Industrial","item":"https:\/\/www.nomus.com.br\/erpindustrial\/"},{"@type":"ListItem","position":2,"name":"Contato"}]},{"@type":"WebSite","@id":"https:\/\/www.nomus.com.br\/erpindustrial\/#website","url":"https:\/\/www.nomus.com.br\/erpindustrial\/","name":"Nomus ERP Industrial","description":"O melhor sistema de gest\u00e3o ERP para ind\u00fastrias do Brasil","potentialAction":[{"@type":"SearchAction","target":{"@type":"EntryPoint","urlTemplate":"https:\/\/www.nomus.com.br\/erpindustrial\/?s={search_term_string}"},"query-input":{"@type":"PropertyValueSpecification","valueRequired":true,"valueName":"search_term_string"}}],"inLanguage":"pt-BR"}]}},"_links":{"self":[{"href":"https:\/\/www.nomus.com.br\/erpindustrial\/wp-json\/wp\/v2\/pages\/21","targetHints":{"allow":["GET"]}}],"collection":[{"href":"https:\/\/www.nomus.com.br\/erpindustrial\/wp-json\/wp\/v2\/pages"}],"about":[{"href":"https:\/\/www.nomus.com.br\/erpindustrial\/wp-json\/wp\/v2\/types\/page"}],"author":[{"embeddable":true,"href":"https:\/\/www.nomus.com.br\/erpindustrial\/wp-json\/wp\/v2\/users\/1"}],"replies":[{"embeddable":true,"href":"https:\/\/www.nomus.com.br\/erpindustrial\/wp-json\/wp\/v2\/comments?post=21"}],"version-history":[{"count":78,"href":"https:\/\/www.nomus.com.br\/erpindustrial\/wp-json\/wp\/v2\/pages\/21\/revisions"}],"predecessor-version":[{"id":8636,"href":"https:\/\/www.nomus.com.br\/erpindustrial\/wp-json\/wp\/v2\/pages\/21\/revisions\/8636"}],"wp:attachment":[{"href":"https:\/\/www.nomus.com.br\/erpindustrial\/wp-json\/wp\/v2\/media?parent=21"}],"curies":[{"name":"wp","href":"https:\/\/api.w.org\/{rel}","templated":true}]}}