{"id":1894,"date":"2016-05-09T18:49:55","date_gmt":"2016-05-09T18:49:55","guid":{"rendered":"http:\/\/nomus.com.br\/nomusindustrial\/?page_id=1894"},"modified":"2025-12-18T09:56:34","modified_gmt":"2025-12-18T12:56:34","slug":"documentos","status":"publish","type":"page","link":"https:\/\/www.nomus.com.br\/erpindustrial\/como-funciona\/documentos\/","title":{"rendered":"Gest\u00e3o de documentos"},"content":{"rendered":"<style>\r\n\r\n.link-como-funciona-documentos {\r\n    background-color: #f9f1e1;\r\n    color: #b1710d!important;\r\n}\r\n\r\n.icone-documentos{\r\n  background-color:#68a8c3;\r\n}\r\n<\/style>\r\n\r\n\r\n<hr \/>\r\n\r\n<div class=\"row\">\r\n  <div class=\"col-md-2\">\r\n    <div class=\" caixa-diferencial icone-documentos text-center\"> \r\n      <p style=\"font-size: 70px;color: white;padding: 0px;margin: 15px 0px 0px 0px;\"><i class=\"glyphicon glyphicon glyphicon-duplicate\" aria-hidden=\"true\"><\/i><\/p>\r\n    <\/div>\r\n  <\/div>\r\n  <div class=\"col-md-10\">\r\n    <h1 class=\"titulo-sem-imagem\">Gest\u00e3o de documentos<\/h1>\r\n    <h2 class=\"h2-descricao-funcionalidade\">Gere toda documenta\u00e7\u00e3o da qualidade em formato eletr\u00f4nico com assinatura digital.<\/h2>\r\n  <\/div>\r\n<\/div>\r\n\r\n\r\n<hr class=\"hr-respiro\">\r\n<h3>Principais benef\u00edcios em utilizar o Gest\u00e3o de documentos<\/h3>\r\n<br>\r\n<ul class=\"lista-bf\">\r\n  <li class=\"beneficio-funcionalidade\">Reduza erros no preenchimento de documentos.<\/li>\r\n  <li class=\"beneficio-funcionalidade\">Reduza o tempo na elabora\u00e7\u00e3o de documentos e aumente a produtividade da sua equipe de Controle da Qualidade.<\/li>\r\n  <li class=\"beneficio-funcionalidade\">Acabe com o extravio de documentos.<\/li>\r\n  <li class=\"beneficio-funcionalidade\">Reduza custos e burocracia com a impress\u00e3o de documentos utilizando assinatura digital.<\/li>\r\n<\/ul>\r\n\r\n<hr class=\"hr-respiro\">\r\n<h3>Funcionalidades da Gest\u00e3o de documentos do Nomus ERP Industrial<\/h3>\r\n<br>\r\n\r\n<div class=\"row\">\r\n  <br>\r\n  <div class=\"col-md-6\">\r\n     <a href=\"https:\/\/www.nomus.com.br\/erpindustrial\/wp-content\/uploads\/2025\/12\/01-registro-documentos-min.png\" rel=\"lightbox[1894]\"><img decoding=\"async\" data-src=\"https:\/\/www.nomus.com.br\/erpindustrial\/wp-content\/uploads\/2025\/12\/01-registro-documentos-min-397x194.png\" alt=\"1-atributos\" width=\"397\" height=\"194\" class=\"alignnone size-thumbnail wp-image-2492 lazyload\" src=\"data:image\/svg+xml;base64,PHN2ZyB3aWR0aD0iMSIgaGVpZ2h0PSIxIiB4bWxucz0iaHR0cDovL3d3dy53My5vcmcvMjAwMC9zdmciPjwvc3ZnPg==\" style=\"--smush-placeholder-width: 397px; --smush-placeholder-aspect-ratio: 397\/194;\" \/><\/a>\r\n  <\/div>\r\n  <div class=\"col-md-6\">\r\n      <p class=\"forte\"> Registro de documentos em computadores ou tablets<\/p>\r\n      <p>\r\n        Registre documentos como relat\u00f3rios de inspe\u00e7\u00e3o, relat\u00f3rios de liquido penetrante, relat\u00f3rios de particula magnetica com computadores ou tablets, com agilidade e reduzindo erros de preenchimento dos documentos. \r\n      <\/p>\r\n      \r\n  <\/div>\r\n<\/div>\r\n\r\n<hr class=\"hr-respiro\">\r\n\r\n<div class=\"row\">\r\n    <br>\r\n  <div class=\"col-md-6\">\r\n      <p class=\"forte\"> Assinatura digital de documentos<\/p>\r\n      <p>\r\n       Fa\u00e7a a assinatura digital de documentos com o software carregando automaticamente a assinatura eletr\u00f4nica de cada usu\u00e1rio do sistema.\r\n      <\/p>\r\n      \r\n  <\/div>\r\n  <div class=\"col-md-6\">\r\n    <a href=\"https:\/\/www.nomus.com.br\/erpindustrial\/wp-content\/uploads\/2025\/12\/02-assinatura-op1-min.png\" rel=\"lightbox[1894]\"><img decoding=\"async\" data-src=\"https:\/\/www.nomus.com.br\/erpindustrial\/wp-content\/uploads\/2025\/12\/02-assinatura-op1-min-397x194.png\" alt=\"2-assinatura\" width=\"397\" height=\"194\" class=\"alignnone size-thumbnail wp-image-2493 lazyload\" src=\"data:image\/svg+xml;base64,PHN2ZyB3aWR0aD0iMSIgaGVpZ2h0PSIxIiB4bWxucz0iaHR0cDovL3d3dy53My5vcmcvMjAwMC9zdmciPjwvc3ZnPg==\" style=\"--smush-placeholder-width: 397px; --smush-placeholder-aspect-ratio: 397\/194;\" \/><\/a>\r\n  <\/div>\r\n<\/div>\r\n\r\n<hr class=\"hr-respiro\">\r\n\r\n<div class=\"row\">\r\n  <br>\r\n  <div class=\"col-md-6\">\r\n      <a href=\"https:\/\/www.nomus.com.br\/erpindustrial\/wp-content\/uploads\/2025\/12\/03-documento-pdf-min.png\" rel=\"lightbox[1894]\"><img decoding=\"async\" data-src=\"https:\/\/www.nomus.com.br\/erpindustrial\/wp-content\/uploads\/2025\/12\/03-documento-pdf-min-397x194.png\" alt=\"3-documento-gerado-pelo-sistema-gestao\" width=\"397\" height=\"194\" class=\"alignnone size-thumbnail wp-image-2281 lazyload\" src=\"data:image\/svg+xml;base64,PHN2ZyB3aWR0aD0iMSIgaGVpZ2h0PSIxIiB4bWxucz0iaHR0cDovL3d3dy53My5vcmcvMjAwMC9zdmciPjwvc3ZnPg==\" style=\"--smush-placeholder-width: 397px; --smush-placeholder-aspect-ratio: 397\/194;\" \/><\/a>\r\n  <\/div>\r\n  <div class=\"col-md-6\">\r\n      <p class=\"forte\"> Documento pdf personalizado<\/p>\r\n      <p>Gere documentos pdfs com layout personalizado para arquivo interno ou para envio para clientes.<\/p>\r\n  <\/div>\r\n<\/div>\r\n\r\n<hr class=\"hr-respiro\">\r\n\r\n<div class=\"row\">\r\n    <br>\r\n  <div class=\"col-md-6\">\r\n      <p class=\"forte\"> Requisitos de documenta\u00e7\u00e3o<\/p>\r\n      <p>\r\n       Defina os requisitos de documenta\u00e7\u00e3o por produto e(ou) opera\u00e7\u00e3o do roteiro, e saiba exatamente quais documentos precisam ser elaborados.\r\n      <\/p>      \r\n  <\/div>\r\n  <div class=\"col-md-6\">\r\n    <a href=\"https:\/\/www.nomus.com.br\/erpindustrial\/wp-content\/uploads\/2025\/12\/04-requisitos-documentacao-min.png\" rel=\"lightbox[1894]\"><img decoding=\"async\" data-src=\"https:\/\/www.nomus.com.br\/erpindustrial\/wp-content\/uploads\/2025\/12\/04-requisitos-documentacao-min-397x194.png\" alt=\"4-requisito\" width=\"397\" height=\"194\" class=\"alignnone size-thumbnail wp-image-2494 lazyload\" src=\"data:image\/svg+xml;base64,PHN2ZyB3aWR0aD0iMSIgaGVpZ2h0PSIxIiB4bWxucz0iaHR0cDovL3d3dy53My5vcmcvMjAwMC9zdmciPjwvc3ZnPg==\" style=\"--smush-placeholder-width: 397px; --smush-placeholder-aspect-ratio: 397\/194;\" \/><\/a>\r\n  <\/div>\r\n<\/div>\r\n\r\n<!--<hr class=\"hr-respiro\">\r\n\r\n<div class=\"row\">\r\n  <br>\r\n  <div class=\"col-md-6\">\r\n      <a href=\"http:\/\/nomus.com.br\/erpindustrial\/wp-content\/uploads\/2016\/05\/5-ranking.jpg\" rel=\"lightbox[1894]\"><img decoding=\"async\" data-src=\"http:\/\/nomus.com.br\/erpindustrial\/wp-content\/uploads\/2016\/05\/5-ranking-397x194.jpg\" alt=\"5-ranking\" width=\"397\" height=\"194\" class=\"alignnone size-thumbnail wp-image-2495 lazyload\" src=\"data:image\/svg+xml;base64,PHN2ZyB3aWR0aD0iMSIgaGVpZ2h0PSIxIiB4bWxucz0iaHR0cDovL3d3dy53My5vcmcvMjAwMC9zdmciPjwvc3ZnPg==\" style=\"--smush-placeholder-width: 397px; --smush-placeholder-aspect-ratio: 397\/194;\" \/><\/a>\r\n  <\/div>\r\n  <div class=\"col-md-6\">\r\n      <p class=\"forte\"> Ranking de operadores integrado \u00e0 gest\u00e3o de documentos<\/p>\r\n      <p>Gere rankings para qualifica\u00e7\u00e3o de operadores a partir das informa\u00e7\u00f5es registradas nos documentos com apoio do Nomus Dashboard. <\/p>\r\n  <\/div>\r\n<\/div>-->\r\n\r\n\r\n<\/div>\r\n<\/div>\r\n<hr>\r\n<p class=\"text-right\">Pr\u00f3ximo passo: <a href=\"http:\/\/nomus.com.br\/erpindustrial\/como-funciona\/databook\/\">Conhe\u00e7a o m\u00f3dulo de Databooks \u00bb<\/a><\/p>\r\n","protected":false},"excerpt":{"rendered":"<p>Gest\u00e3o de documentos Gere toda documenta\u00e7\u00e3o da qualidade em formato eletr\u00f4nico com assinatura digital. Principais benef\u00edcios em utilizar o Gest\u00e3o de documentos Reduza erros no preenchimento de documentos. Reduza o tempo na elabora\u00e7\u00e3o de documentos e aumente a produtividade da sua equipe de Controle da Qualidade. Acabe com o extravio de documentos. Reduza custos e [&hellip;]<\/p>\n","protected":false},"author":1,"featured_media":0,"parent":47,"menu_order":22,"comment_status":"open","ping_status":"open","template":"page-comofunciona.php","meta":{"_acf_changed":false,"footnotes":""},"class_list":["post-1894","page","type-page","status-publish","hentry"],"acf":[],"yoast_head":"<!-- This site is optimized with the Yoast SEO plugin v26.5 - https:\/\/yoast.com\/wordpress\/plugins\/seo\/ -->\n<title>Como funciona a gest\u00e3o de documentos no ERP Industrial<\/title>\n<meta name=\"description\" content=\"Veja como funciona a gest\u00e3o de documentos no ERP Industrial e entenda quais s\u00e3o as vantagens de controlar os documentos da sua f\u00e1brica com a ferramenta.\" \/>\n<meta name=\"robots\" content=\"index, follow, max-snippet:-1, max-image-preview:large, max-video-preview:-1\" \/>\n<link rel=\"canonical\" href=\"https:\/\/www.nomus.com.br\/erpindustrial\/como-funciona\/documentos\/\" \/>\n<meta property=\"og:locale\" content=\"pt_BR\" \/>\n<meta property=\"og:type\" content=\"article\" \/>\n<meta property=\"og:title\" content=\"Como funciona a gest\u00e3o de documentos no ERP Industrial\" \/>\n<meta property=\"og:description\" content=\"Veja como funciona a gest\u00e3o de documentos no ERP Industrial e entenda quais s\u00e3o as vantagens de controlar os documentos da sua f\u00e1brica com a ferramenta.\" \/>\n<meta property=\"og:url\" content=\"https:\/\/www.nomus.com.br\/erpindustrial\/como-funciona\/documentos\/\" \/>\n<meta property=\"og:site_name\" content=\"Nomus ERP Industrial\" \/>\n<meta property=\"article:modified_time\" content=\"2025-12-18T12:56:34+00:00\" \/>\n<meta property=\"og:image\" content=\"https:\/\/www.nomus.com.br\/erpindustrial\/wp-content\/uploads\/2025\/10\/og-como-funciona.jpg\" \/>\n\t<meta property=\"og:image:width\" content=\"620\" \/>\n\t<meta property=\"og:image:height\" content=\"405\" \/>\n\t<meta property=\"og:image:type\" content=\"image\/jpeg\" \/>\n<meta name=\"twitter:card\" content=\"summary_large_image\" \/>\n<meta name=\"twitter:title\" content=\"Como funciona a gest\u00e3o de documentos no ERP Industrial\" \/>\n<meta name=\"twitter:description\" content=\"Veja como funciona a gest\u00e3o de documentos no ERP Industrial e entenda quais s\u00e3o as vantagens de controlar os documentos da sua f\u00e1brica com a ferramenta.\" \/>\n<meta name=\"twitter:image\" content=\"https:\/\/www.nomus.com.br\/erpindustrial\/wp-content\/uploads\/2019\/08\/como-funciona.jpg\" \/>\n<meta name=\"twitter:label1\" content=\"Est. tempo de leitura\" \/>\n\t<meta name=\"twitter:data1\" content=\"3 minutos\" \/>\n<script type=\"application\/ld+json\" class=\"yoast-schema-graph\">{\"@context\":\"https:\/\/schema.org\",\"@graph\":[{\"@type\":\"WebPage\",\"@id\":\"https:\/\/www.nomus.com.br\/erpindustrial\/como-funciona\/documentos\/\",\"url\":\"https:\/\/www.nomus.com.br\/erpindustrial\/como-funciona\/documentos\/\",\"name\":\"Como funciona a gest\u00e3o de documentos no ERP Industrial\",\"isPartOf\":{\"@id\":\"https:\/\/www.nomus.com.br\/erpindustrial\/#website\"},\"primaryImageOfPage\":{\"@id\":\"https:\/\/www.nomus.com.br\/erpindustrial\/como-funciona\/documentos\/#primaryimage\"},\"image\":{\"@id\":\"https:\/\/www.nomus.com.br\/erpindustrial\/como-funciona\/documentos\/#primaryimage\"},\"thumbnailUrl\":\"https:\/\/www.nomus.com.br\/erpindustrial\/wp-content\/uploads\/2025\/12\/01-registro-documentos-min-397x194.png\",\"datePublished\":\"2016-05-09T18:49:55+00:00\",\"dateModified\":\"2025-12-18T12:56:34+00:00\",\"description\":\"Veja como funciona a gest\u00e3o de documentos no ERP Industrial e entenda quais s\u00e3o as vantagens de controlar os documentos da sua f\u00e1brica com a ferramenta.\",\"breadcrumb\":{\"@id\":\"https:\/\/www.nomus.com.br\/erpindustrial\/como-funciona\/documentos\/#breadcrumb\"},\"inLanguage\":\"pt-BR\",\"potentialAction\":[{\"@type\":\"ReadAction\",\"target\":[\"https:\/\/www.nomus.com.br\/erpindustrial\/como-funciona\/documentos\/\"]}]},{\"@type\":\"ImageObject\",\"inLanguage\":\"pt-BR\",\"@id\":\"https:\/\/www.nomus.com.br\/erpindustrial\/como-funciona\/documentos\/#primaryimage\",\"url\":\"https:\/\/www.nomus.com.br\/erpindustrial\/wp-content\/uploads\/2025\/12\/01-registro-documentos-min.png\",\"contentUrl\":\"https:\/\/www.nomus.com.br\/erpindustrial\/wp-content\/uploads\/2025\/12\/01-registro-documentos-min.png\",\"width\":1788,\"height\":805},{\"@type\":\"BreadcrumbList\",\"@id\":\"https:\/\/www.nomus.com.br\/erpindustrial\/como-funciona\/documentos\/#breadcrumb\",\"itemListElement\":[{\"@type\":\"ListItem\",\"position\":1,\"name\":\"Nomus ERP Industrial\",\"item\":\"https:\/\/www.nomus.com.br\/erpindustrial\/\"},{\"@type\":\"ListItem\",\"position\":2,\"name\":\"Como funciona o Nomus ERP Industrial\",\"item\":\"https:\/\/www.nomus.com.br\/erpindustrial\/como-funciona\/\"},{\"@type\":\"ListItem\",\"position\":3,\"name\":\"Gest\u00e3o de documentos\"}]},{\"@type\":\"WebSite\",\"@id\":\"https:\/\/www.nomus.com.br\/erpindustrial\/#website\",\"url\":\"https:\/\/www.nomus.com.br\/erpindustrial\/\",\"name\":\"Nomus ERP Industrial\",\"description\":\"O melhor sistema de gest\u00e3o ERP para ind\u00fastrias do Brasil\",\"potentialAction\":[{\"@type\":\"SearchAction\",\"target\":{\"@type\":\"EntryPoint\",\"urlTemplate\":\"https:\/\/www.nomus.com.br\/erpindustrial\/?s={search_term_string}\"},\"query-input\":{\"@type\":\"PropertyValueSpecification\",\"valueRequired\":true,\"valueName\":\"search_term_string\"}}],\"inLanguage\":\"pt-BR\"}]}<\/script>\n<!-- \/ Yoast SEO plugin. -->","yoast_head_json":{"title":"Como funciona a gest\u00e3o de documentos no ERP Industrial","description":"Veja como funciona a gest\u00e3o de documentos no ERP Industrial e entenda quais s\u00e3o as vantagens de controlar os documentos da sua f\u00e1brica com a ferramenta.","robots":{"index":"index","follow":"follow","max-snippet":"max-snippet:-1","max-image-preview":"max-image-preview:large","max-video-preview":"max-video-preview:-1"},"canonical":"https:\/\/www.nomus.com.br\/erpindustrial\/como-funciona\/documentos\/","og_locale":"pt_BR","og_type":"article","og_title":"Como funciona a gest\u00e3o de documentos no ERP Industrial","og_description":"Veja como funciona a gest\u00e3o de documentos no ERP Industrial e entenda quais s\u00e3o as vantagens de controlar os documentos da sua f\u00e1brica com a ferramenta.","og_url":"https:\/\/www.nomus.com.br\/erpindustrial\/como-funciona\/documentos\/","og_site_name":"Nomus ERP Industrial","article_modified_time":"2025-12-18T12:56:34+00:00","og_image":[{"width":620,"height":405,"url":"https:\/\/www.nomus.com.br\/erpindustrial\/wp-content\/uploads\/2025\/10\/og-como-funciona.jpg","type":"image\/jpeg"}],"twitter_card":"summary_large_image","twitter_title":"Como funciona a gest\u00e3o de documentos no ERP Industrial","twitter_description":"Veja como funciona a gest\u00e3o de documentos no ERP Industrial e entenda quais s\u00e3o as vantagens de controlar os documentos da sua f\u00e1brica com a ferramenta.","twitter_image":"https:\/\/www.nomus.com.br\/erpindustrial\/wp-content\/uploads\/2019\/08\/como-funciona.jpg","twitter_misc":{"Est. tempo de leitura":"3 minutos"},"schema":{"@context":"https:\/\/schema.org","@graph":[{"@type":"WebPage","@id":"https:\/\/www.nomus.com.br\/erpindustrial\/como-funciona\/documentos\/","url":"https:\/\/www.nomus.com.br\/erpindustrial\/como-funciona\/documentos\/","name":"Como funciona a gest\u00e3o de documentos no ERP Industrial","isPartOf":{"@id":"https:\/\/www.nomus.com.br\/erpindustrial\/#website"},"primaryImageOfPage":{"@id":"https:\/\/www.nomus.com.br\/erpindustrial\/como-funciona\/documentos\/#primaryimage"},"image":{"@id":"https:\/\/www.nomus.com.br\/erpindustrial\/como-funciona\/documentos\/#primaryimage"},"thumbnailUrl":"https:\/\/www.nomus.com.br\/erpindustrial\/wp-content\/uploads\/2025\/12\/01-registro-documentos-min-397x194.png","datePublished":"2016-05-09T18:49:55+00:00","dateModified":"2025-12-18T12:56:34+00:00","description":"Veja como funciona a gest\u00e3o de documentos no ERP Industrial e entenda quais s\u00e3o as vantagens de controlar os documentos da sua f\u00e1brica com a ferramenta.","breadcrumb":{"@id":"https:\/\/www.nomus.com.br\/erpindustrial\/como-funciona\/documentos\/#breadcrumb"},"inLanguage":"pt-BR","potentialAction":[{"@type":"ReadAction","target":["https:\/\/www.nomus.com.br\/erpindustrial\/como-funciona\/documentos\/"]}]},{"@type":"ImageObject","inLanguage":"pt-BR","@id":"https:\/\/www.nomus.com.br\/erpindustrial\/como-funciona\/documentos\/#primaryimage","url":"https:\/\/www.nomus.com.br\/erpindustrial\/wp-content\/uploads\/2025\/12\/01-registro-documentos-min.png","contentUrl":"https:\/\/www.nomus.com.br\/erpindustrial\/wp-content\/uploads\/2025\/12\/01-registro-documentos-min.png","width":1788,"height":805},{"@type":"BreadcrumbList","@id":"https:\/\/www.nomus.com.br\/erpindustrial\/como-funciona\/documentos\/#breadcrumb","itemListElement":[{"@type":"ListItem","position":1,"name":"Nomus ERP Industrial","item":"https:\/\/www.nomus.com.br\/erpindustrial\/"},{"@type":"ListItem","position":2,"name":"Como funciona o Nomus ERP Industrial","item":"https:\/\/www.nomus.com.br\/erpindustrial\/como-funciona\/"},{"@type":"ListItem","position":3,"name":"Gest\u00e3o de documentos"}]},{"@type":"WebSite","@id":"https:\/\/www.nomus.com.br\/erpindustrial\/#website","url":"https:\/\/www.nomus.com.br\/erpindustrial\/","name":"Nomus ERP Industrial","description":"O melhor sistema de gest\u00e3o ERP para ind\u00fastrias do Brasil","potentialAction":[{"@type":"SearchAction","target":{"@type":"EntryPoint","urlTemplate":"https:\/\/www.nomus.com.br\/erpindustrial\/?s={search_term_string}"},"query-input":{"@type":"PropertyValueSpecification","valueRequired":true,"valueName":"search_term_string"}}],"inLanguage":"pt-BR"}]}},"_links":{"self":[{"href":"https:\/\/www.nomus.com.br\/erpindustrial\/wp-json\/wp\/v2\/pages\/1894","targetHints":{"allow":["GET"]}}],"collection":[{"href":"https:\/\/www.nomus.com.br\/erpindustrial\/wp-json\/wp\/v2\/pages"}],"about":[{"href":"https:\/\/www.nomus.com.br\/erpindustrial\/wp-json\/wp\/v2\/types\/page"}],"author":[{"embeddable":true,"href":"https:\/\/www.nomus.com.br\/erpindustrial\/wp-json\/wp\/v2\/users\/1"}],"replies":[{"embeddable":true,"href":"https:\/\/www.nomus.com.br\/erpindustrial\/wp-json\/wp\/v2\/comments?post=1894"}],"version-history":[{"count":12,"href":"https:\/\/www.nomus.com.br\/erpindustrial\/wp-json\/wp\/v2\/pages\/1894\/revisions"}],"predecessor-version":[{"id":8983,"href":"https:\/\/www.nomus.com.br\/erpindustrial\/wp-json\/wp\/v2\/pages\/1894\/revisions\/8983"}],"up":[{"embeddable":true,"href":"https:\/\/www.nomus.com.br\/erpindustrial\/wp-json\/wp\/v2\/pages\/47"}],"wp:attachment":[{"href":"https:\/\/www.nomus.com.br\/erpindustrial\/wp-json\/wp\/v2\/media?parent=1894"}],"curies":[{"name":"wp","href":"https:\/\/api.w.org\/{rel}","templated":true}]}}